Last updated on 2023-03-29 11:52:11 CEST.
Flavor | Version | Tinstall | Tcheck | Ttotal | Status | Flags |
---|---|---|---|---|---|---|
r-devel-linux-x86_64-debian-clang | 0.5 | 6.48 | 41.98 | 48.46 | OK | |
r-devel-linux-x86_64-debian-gcc | 0.5 | 4.95 | 32.75 | 37.70 | OK | |
r-devel-linux-x86_64-fedora-clang | 0.5 | 60.08 | NOTE | |||
r-devel-linux-x86_64-fedora-gcc | 0.5 | 69.87 | OK | |||
r-devel-windows-x86_64 | 0.5 | 39.00 | 88.00 | 127.00 | NOTE | |
r-patched-linux-x86_64 | 0.5 | 6.46 | 41.66 | 48.12 | OK | |
r-release-linux-x86_64 | 0.5 | 3.71 | 43.03 | 46.74 | OK | |
r-release-macos-arm64 | 0.5 | 26.00 | NOTE | |||
r-release-macos-x86_64 | 0.5 | 42.00 | NOTE | |||
r-release-windows-x86_64 | 0.5 | 55.00 | 78.00 | 133.00 | NOTE | |
r-oldrel-macos-arm64 | 0.5 | 31.00 | NOTE | |||
r-oldrel-macos-x86_64 | 0.5 | 39.00 | NOTE | |||
r-oldrel-windows-ix86+x86_64 | 0.5 | 11.00 | 72.00 | 83.00 | NOTE |
Version: 0.5
Check: installed package size
Result: NOTE
installed size is 5.5Mb
sub-directories of 1Mb or more:
data 3.4Mb
doc 1.9Mb
Flavors: r-devel-linux-x86_64-fedora-clang, r-devel-windows-x86_64, r-release-macos-arm64, r-release-macos-x86_64, r-release-windows-x86_64, r-oldrel-macos-arm64, r-oldrel-macos-x86_64, r-oldrel-windows-ix86+x86_64