CRAN Package Check Results for Package clinDataReview

Last updated on 2021-10-16 05:51:17 CEST.

Flavor Version Tinstall Tcheck Ttotal Status Flags
r-devel-linux-x86_64-debian-clang 1.2.1 12.68 164.63 177.31 OK
r-devel-linux-x86_64-debian-gcc 1.2.1 9.80 119.38 129.18 OK
r-devel-linux-x86_64-fedora-clang 1.2.1 217.76 NOTE
r-devel-linux-x86_64-fedora-gcc 1.2.1 206.83 OK
r-devel-windows-x86_64 1.2.1 30.00 163.00 193.00 NOTE
r-devel-windows-x86_64-gcc10-UCRT 1.2.1 OK
r-patched-linux-x86_64 1.2.1 15.23 158.29 173.52 OK
r-patched-solaris-x86 1.2.1 240.60 NOTE
r-release-linux-x86_64 1.2.1 11.48 157.04 168.52 OK
r-release-macos-arm64 1.2.1 NOTE
r-release-macos-x86_64 1.2.1 WARN
r-release-windows-ix86+x86_64 1.2.1 32.00 215.00 247.00 NOTE
r-oldrel-macos-x86_64 1.2.1 WARN
r-oldrel-windows-ix86+x86_64 1.2.1 32.00 224.00 256.00 NOTE

Check Details

Version: 1.2.1
Check: installed package size
Result: NOTE
     installed size is 7.2Mb
     sub-directories of 1Mb or more:
     doc 5.4Mb
Flavors: r-devel-linux-x86_64-fedora-clang, r-devel-windows-x86_64, r-patched-solaris-x86, r-release-macos-arm64, r-release-macos-x86_64, r-release-windows-ix86+x86_64, r-oldrel-macos-x86_64, r-oldrel-windows-ix86+x86_64

Version: 1.2.1
Check: re-building of vignette outputs
Result: WARN
    Error(s) in re-building vignettes:
    --- re-building ‘clinDataReview-dataPreprocessing.Rmd’ using rmarkdown
    Pandoc is required to build R Markdown vignettes but not available. Please make sure it is installed.
    Data annotated with variable(s): ETHNIC ('ETHNIC'), ARM ('ARM') from the 'custom' dataset based on the variable(s): USUBJID ('USUBJID').
    354 records with ARM ('ARM') %in% 'Placebo' are filtered in data.
    --- finished re-building ‘clinDataReview-dataPreprocessing.Rmd’
    
    --- re-building ‘clinDataReview-dataVisualization.Rmd’ using rmarkdown
    Pandoc is required to build R Markdown vignettes but not available. Please make sure it is installed.
    Loading required package: ggplot2
    
    Attaching package: 'plotly'
    
    The following object is masked from 'package:ggplot2':
    
     last_plot
    
    The following object is masked from 'package:stats':
    
     filter
    
    The following object is masked from 'package:graphics':
    
     layout
    
    Quitting from lines 95-117 (clinDataReview-dataVisualization.Rmd)
    Error: processing vignette 'clinDataReview-dataVisualization.Rmd' failed with diagnostics:
    object 'params' not found
    --- failed re-building ‘clinDataReview-dataVisualization.Rmd’
    
    --- re-building ‘clinDataReview-reporting.Rmd’ using rmarkdown
    Pandoc is required to build R Markdown vignettes but not available. Please make sure it is installed.
    --- finished re-building ‘clinDataReview-reporting.Rmd’
    
    SUMMARY: processing the following file failed:
     ‘clinDataReview-dataVisualization.Rmd’
    
    Error: Vignette re-building failed.
    Execution halted
Flavors: r-release-macos-x86_64, r-oldrel-macos-x86_64