Last updated on 2024-05-19 11:59:37 CEST.
Flavor | Version | Tinstall | Tcheck | Ttotal | Status | Flags |
---|---|---|---|---|---|---|
r-devel-linux-x86_64-debian-clang | 1.5 | 34.76 | 31.83 | 66.59 | NOTE | |
r-devel-linux-x86_64-debian-gcc | 1.5 | 24.00 | 24.22 | 48.22 | NOTE | |
r-devel-linux-x86_64-fedora-clang | 1.5 | 92.97 | NOTE | |||
r-devel-linux-x86_64-fedora-gcc | 1.5 | 138.60 | NOTE | |||
r-devel-windows-x86_64 | 1.5 | 25.00 | 64.00 | 89.00 | NOTE | |
r-patched-linux-x86_64 | 1.5 | 32.17 | 30.15 | 62.32 | NOTE | |
r-release-linux-x86_64 | 1.5 | 33.56 | 30.78 | 64.34 | NOTE | |
r-release-macos-arm64 | 1.5 | 23.00 | NOTE | |||
r-release-windows-x86_64 | 1.5 | 27.00 | 73.00 | 100.00 | NOTE | |
r-oldrel-macos-arm64 | 1.5 | 26.00 | OK | |||
r-oldrel-macos-x86_64 | 1.5 | 41.00 | OK | |||
r-oldrel-windows-x86_64 | 1.5 | 27.00 | 77.00 | 104.00 | OK |
Version: 1.5
Check: Rd files
Result: NOTE
checkRd: (-1) print.clogitL1.Rd:21: Lost braces in \itemize; meant \describe ?
checkRd: (-1) print.clogitL1.Rd:22: Lost braces in \itemize; meant \describe ?
checkRd: (-1) print.clogitL1.Rd:23: Lost braces in \itemize; meant \describe ?
Flavors: r-devel-linux-x86_64-debian-clang, r-devel-linux-x86_64-debian-gcc, r-devel-linux-x86_64-fedora-clang, r-devel-linux-x86_64-fedora-gcc, r-devel-windows-x86_64, r-patched-linux-x86_64, r-release-linux-x86_64, r-release-macos-arm64, r-release-windows-x86_64
Version: 1.5
Check: compiled code
Result: NOTE
File ‘clogitL1/libs/clogitL1.so’:
Found no calls to: ‘R_registerRoutines’, ‘R_useDynamicSymbols’
It is good practice to register native routines and to disable symbol
search.
See ‘Writing portable packages’ in the ‘Writing R Extensions’ manual.
Flavors: r-devel-linux-x86_64-fedora-clang, r-devel-linux-x86_64-fedora-gcc