CRAN Package Check Results for Package clustDRM

Last updated on 2019-10-21 11:49:55 CEST.

Flavor Version Tinstall Tcheck Ttotal Status Flags
r-devel-linux-x86_64-debian-clang 0.1-0 21.04 142.16 163.20 OK
r-devel-linux-x86_64-debian-gcc 0.1-0 19.04 110.09 129.13 OK
r-devel-linux-x86_64-fedora-clang 0.1-0 198.10 NOTE
r-devel-linux-x86_64-fedora-gcc 0.1-0 195.27 NOTE
r-devel-windows-ix86+x86_64 0.1-0 49.00 139.00 188.00 OK
r-patched-linux-x86_64 0.1-0 19.14 140.36 159.50 OK
r-patched-solaris-x86 0.1-0 311.10 NOTE
r-release-linux-x86_64 0.1-0 22.89 141.22 164.11 OK
r-release-windows-ix86+x86_64 0.1-0 60.00 134.00 194.00 OK
r-release-osx-x86_64 0.1-0 ERROR
r-oldrel-windows-ix86+x86_64 0.1-0 26.00 135.00 161.00 OK
r-oldrel-osx-x86_64 0.1-0 ERROR

Check Details

Version: 0.1-0
Check: dependencies in R code
Result: NOTE
    Namespace in Imports field not imported from: ‘DT’
     All declared Imports should be used.
Flavors: r-devel-linux-x86_64-fedora-clang, r-devel-linux-x86_64-fedora-gcc, r-patched-solaris-x86

Version: 0.1-0
Check: package dependencies
Result: ERROR
    Package required but not available: ‘IsoGene’
    
    See section ‘The DESCRIPTION file’ in the ‘Writing R Extensions’
    manual.
Flavors: r-release-osx-x86_64, r-oldrel-osx-x86_64