CRAN Package Check Results for Package clustMD

Last updated on 2024-07-23 23:48:07 CEST.

Flavor Version Tinstall Tcheck Ttotal Status Flags
r-devel-linux-x86_64-debian-clang 1.2.1 8.03 63.01 71.04 NOTE
r-devel-linux-x86_64-debian-gcc 1.2.1 5.25 48.05 53.30 NOTE
r-devel-linux-x86_64-fedora-clang 1.2.1 88.69 NOTE
r-devel-linux-x86_64-fedora-gcc 1.2.1 83.82 NOTE
r-devel-windows-x86_64 1.2.1 12.00 67.00 79.00 NOTE
r-patched-linux-x86_64 1.2.1 8.73 59.32 68.05 NOTE
r-release-linux-x86_64 1.2.1 5.71 61.31 67.02 NOTE
r-release-macos-arm64 1.2.1 31.00 NOTE
r-release-macos-x86_64 1.2.1 42.00 NOTE
r-release-windows-x86_64 1.2.1 10.00 66.00 76.00 NOTE
r-oldrel-macos-arm64 1.2.1 29.00 NOTE
r-oldrel-macos-x86_64 1.2.1 43.00 NOTE
r-oldrel-windows-x86_64 1.2.1 11.00 79.00 90.00 NOTE

Check Details

Version: 1.2.1
Check: Rd files
Result: NOTE checkRd: (-1) dtmvnom.Rd:30: Escaped LaTeX specials: \& Flavors: r-devel-linux-x86_64-debian-clang, r-devel-linux-x86_64-debian-gcc, r-devel-linux-x86_64-fedora-clang, r-devel-linux-x86_64-fedora-gcc, r-devel-windows-x86_64, r-patched-linux-x86_64, r-release-linux-x86_64, r-release-macos-arm64, r-release-macos-x86_64, r-release-windows-x86_64, r-oldrel-macos-arm64, r-oldrel-macos-x86_64, r-oldrel-windows-x86_64