Last updated on 2023-10-01 17:56:21 CEST.
Flavor | Version | Tinstall | Tcheck | Ttotal | Status | Flags |
---|---|---|---|---|---|---|
r-devel-linux-x86_64-debian-clang | 1.2.1 | 7.38 | 64.95 | 72.33 | NOTE | |
r-devel-linux-x86_64-debian-gcc | 1.2.1 | 5.77 | 48.18 | 53.95 | NOTE | |
r-devel-linux-x86_64-fedora-clang | 1.2.1 | 85.89 | NOTE | |||
r-devel-linux-x86_64-fedora-gcc | 1.2.1 | 86.23 | NOTE | |||
r-devel-windows-x86_64 | 1.2.1 | 9.00 | 66.00 | 75.00 | NOTE | |
r-patched-linux-x86_64 | 1.2.1 | 7.52 | 61.02 | 68.54 | NOTE | |
r-release-linux-x86_64 | 1.2.1 | 7.42 | 62.81 | 70.23 | NOTE | |
r-release-macos-arm64 | 1.2.1 | 29.00 | NOTE | |||
r-release-macos-x86_64 | 1.2.1 | 43.00 | NOTE | |||
r-release-windows-x86_64 | 1.2.1 | 12.00 | 75.00 | 87.00 | NOTE | |
r-oldrel-macos-arm64 | 1.2.1 | 27.00 | OK | |||
r-oldrel-macos-x86_64 | 1.2.1 | 50.00 | OK | |||
r-oldrel-windows-x86_64 | 1.2.1 | 10.00 | 75.00 | 85.00 | OK |
Version: 1.2.1
Check: Rd files
Result: NOTE
checkRd: (-1) dtmvnom.Rd:30: Escaped LaTeX specials: \&
Flavors: r-devel-linux-x86_64-debian-clang, r-devel-linux-x86_64-debian-gcc, r-devel-linux-x86_64-fedora-clang, r-devel-linux-x86_64-fedora-gcc, r-devel-windows-x86_64, r-patched-linux-x86_64, r-release-linux-x86_64, r-release-macos-arm64, r-release-macos-x86_64, r-release-windows-x86_64