CRAN Package Check Results for Package clustermq

Last updated on 2019-06-16 22:49:18 CEST.

Flavor Version Tinstall Tcheck Ttotal Status Flags
r-devel-linux-x86_64-debian-clang 0.8.8 8.58 37.74 46.32 OK
r-devel-linux-x86_64-debian-gcc 0.8.8 6.97 30.80 37.77 OK
r-devel-linux-x86_64-fedora-clang 0.8.8 55.55 NOTE
r-devel-linux-x86_64-fedora-gcc 0.8.8 54.17 NOTE
r-devel-windows-ix86+x86_64 0.8.8 16.00 62.00 78.00 OK
r-patched-linux-x86_64 0.8.8 7.90 37.56 45.46 OK
r-patched-solaris-x86 0.8.8 83.10 NOTE
r-release-linux-x86_64 0.8.8 6.98 37.18 44.16 OK
r-release-windows-ix86+x86_64 0.8.8 12.00 65.00 77.00 OK
r-release-osx-x86_64 0.8.8 NOTE
r-oldrel-windows-ix86+x86_64 0.8.8 15.00 42.00 57.00 OK
r-oldrel-osx-x86_64 0.8.8 NOTE

Check Details

Version: 0.8.8
Check: dependencies in R code
Result: NOTE
    Namespaces in Imports field not imported from:
     ‘R6’ ‘purrr’
     All declared Imports should be used.
Flavors: r-devel-linux-x86_64-fedora-clang, r-devel-linux-x86_64-fedora-gcc, r-patched-solaris-x86, r-release-osx-x86_64, r-oldrel-osx-x86_64