CRAN Package Check Results for Package clustermq

Last updated on 2019-04-18 11:55:39 CEST.

Flavor Version Tinstall Tcheck Ttotal Status Flags
r-devel-linux-x86_64-debian-clang 0.8.7 7.45 36.90 44.35 OK
r-devel-linux-x86_64-debian-gcc 0.8.7 6.35 30.67 37.02 OK
r-devel-linux-x86_64-fedora-clang 0.8.7 56.15 NOTE
r-devel-linux-x86_64-fedora-gcc 0.8.7 55.17 NOTE
r-devel-windows-ix86+x86_64 0.8.7 17.00 59.00 76.00 OK
r-patched-linux-x86_64 0.8.7 8.84 37.39 46.23 OK
r-patched-solaris-x86 0.8.7 79.90 NOTE
r-release-linux-x86_64 0.8.7 7.00 33.41 40.41 OK
r-release-windows-ix86+x86_64 0.8.7 10.00 40.00 50.00 OK
r-release-osx-x86_64 0.8.6 NOTE
r-oldrel-windows-ix86+x86_64 0.8.7 5.00 61.00 66.00 OK
r-oldrel-osx-x86_64 0.8.6 NOTE

Check Details

Version: 0.8.7
Check: dependencies in R code
Result: NOTE
    Namespaces in Imports field not imported from:
     ‘R6’ ‘infuser’ ‘purrr’
     All declared Imports should be used.
Flavors: r-devel-linux-x86_64-fedora-clang, r-devel-linux-x86_64-fedora-gcc, r-patched-solaris-x86

Version: 0.8.6
Check: dependencies in R code
Result: NOTE
    Namespaces in Imports field not imported from:
     ‘R6’ ‘infuser’ ‘purrr’
     All declared Imports should be used.
Flavors: r-release-osx-x86_64, r-oldrel-osx-x86_64