CRAN Package Check Results for Package cmaRs

Last updated on 2024-06-18 17:49:04 CEST.

Flavor Version Tinstall Tcheck Ttotal Status Flags
r-devel-linux-x86_64-debian-clang 0.1.3 10.46 111.78 122.24 OK
r-devel-linux-x86_64-debian-gcc 0.1.3 7.62 82.28 89.90 OK
r-devel-linux-x86_64-fedora-clang 0.1.3 153.28 NOTE
r-devel-linux-x86_64-fedora-gcc 0.1.3 168.39 NOTE
r-devel-windows-x86_64 0.1.3 10.00 99.00 109.00 OK
r-patched-linux-x86_64 0.1.3 10.67 107.22 117.89 OK
r-release-linux-x86_64 0.1.3 10.22 109.94 120.16 OK
r-release-macos-arm64 0.1.3 48.00 OK
r-release-macos-x86_64 0.1.3 77.00 OK
r-release-windows-x86_64 0.1.3 11.00 106.00 117.00 OK
r-oldrel-macos-arm64 0.1.3 47.00 OK
r-oldrel-macos-x86_64 0.1.3 123.00 OK
r-oldrel-windows-x86_64 0.1.3 14.00 118.00 132.00 OK

Check Details

Version: 0.1.3
Check: dependencies in R code
Result: NOTE Namespace in Imports field not imported from: ‘MPV’ All declared Imports should be used. Flavors: r-devel-linux-x86_64-fedora-clang, r-devel-linux-x86_64-fedora-gcc