CRAN Package Check Results for Package cna

Last updated on 2021-07-29 23:49:35 CEST.

Flavor Version Tinstall Tcheck Ttotal Status Flags
r-devel-linux-x86_64-debian-clang 3.2.0 OK
r-devel-linux-x86_64-debian-gcc 3.2.0 65.83 144.07 209.90 OK
r-devel-linux-x86_64-fedora-clang 3.2.0 385.29 OK
r-devel-linux-x86_64-fedora-gcc 3.2.0 351.09 OK
r-devel-windows-x86_64 3.2.0 128.00 218.00 346.00 OK
r-devel-windows-x86_64-gcc10-UCRT 3.2.0 OK
r-patched-linux-x86_64 3.2.0 77.01 181.92 258.93 OK
r-patched-solaris-x86 3.2.0 413.10 OK
r-release-linux-x86_64 3.2.0 79.56 179.33 258.89 OK
r-release-macos-arm64 3.2.0 NOTE
r-release-macos-x86_64 3.2.0 OK
r-release-windows-ix86+x86_64 3.2.0 220.00 236.00 456.00 OK
r-oldrel-macos-x86_64 3.2.0 OK
r-oldrel-windows-ix86+x86_64 3.2.0 183.00 302.00 485.00 OK

Check Details

Version: 3.2.0
Check: installed package size
Result: NOTE
     installed size is 5.3Mb
     sub-directories of 1Mb or more:
     libs 4.1Mb
Flavor: r-release-macos-arm64