Last updated on 2023-09-28 11:55:28 CEST.
Flavor | Version | Tinstall | Tcheck | Ttotal | Status | Flags |
---|---|---|---|---|---|---|
r-devel-linux-x86_64-debian-clang | 0.7.1 | 191.29 | 133.56 | 324.85 | NOTE | |
r-devel-linux-x86_64-debian-gcc | 0.7.1 | 125.98 | 90.12 | 216.10 | NOTE | |
r-devel-linux-x86_64-fedora-clang | 0.7.1 | 453.87 | NOTE | |||
r-devel-linux-x86_64-fedora-gcc | 0.7.1 | 506.37 | NOTE | |||
r-devel-windows-x86_64 | 0.7.1 | 135.00 | 139.00 | 274.00 | NOTE | |
r-patched-linux-x86_64 | 0.7.1 | 190.33 | 133.71 | 324.04 | NOTE | |
r-release-linux-x86_64 | 0.7.1 | 187.80 | 132.60 | 320.40 | NOTE | |
r-release-macos-arm64 | 0.7.1 | 129.00 | NOTE | |||
r-release-macos-x86_64 | 0.7.1 | 199.00 | NOTE | |||
r-release-windows-x86_64 | 0.7.1 | 186.00 | 172.00 | 358.00 | NOTE | |
r-oldrel-macos-arm64 | 0.7.1 | 106.00 | NOTE | |||
r-oldrel-macos-x86_64 | 0.7.1 | 135.00 | NOTE | |||
r-oldrel-windows-x86_64 | 0.7.1 | 170.00 | 163.00 | 333.00 | NOTE |
Version: 0.7.1
Check: package dependencies
Result: NOTE
Package suggested but not available for checking: ‘PopGenome’
Flavors: r-devel-linux-x86_64-debian-clang, r-devel-linux-x86_64-debian-gcc, r-devel-linux-x86_64-fedora-clang, r-devel-linux-x86_64-fedora-gcc, r-devel-windows-x86_64, r-patched-linux-x86_64, r-release-linux-x86_64, r-release-macos-arm64, r-release-macos-x86_64, r-release-windows-x86_64, r-oldrel-windows-x86_64
Version: 0.7.1
Check: Rd \usage sections
Result: NOTE
Documented arguments not in \usage in documentation object 'feat_sample':
‘locus_group’
Functions with \usage entries need to have the appropriate \alias
entries, and all their arguments documented.
The \usage entries must correspond to syntactically valid R code.
See chapter ‘Writing R documentation files’ in the ‘Writing R
Extensions’ manual.
Flavors: r-devel-linux-x86_64-debian-clang, r-devel-linux-x86_64-debian-gcc, r-devel-linux-x86_64-fedora-clang, r-devel-linux-x86_64-fedora-gcc, r-devel-windows-x86_64
Version: 0.7.1
Check: installed package size
Result: NOTE
installed size is 6.5Mb
sub-directories of 1Mb or more:
R 2.0Mb
libs 3.8Mb
Flavors: r-release-macos-arm64, r-release-macos-x86_64, r-oldrel-macos-arm64, r-oldrel-macos-x86_64