CRAN Package Check Results for Package coat

Last updated on 2024-04-13 11:49:36 CEST.

Flavor Version Tinstall Tcheck Ttotal Status Flags
r-devel-linux-x86_64-debian-clang 0.2.0 11.94 108.96 120.90 NOTE
r-devel-linux-x86_64-debian-gcc 0.2.0 9.30 79.12 88.42 NOTE
r-devel-linux-x86_64-fedora-clang 0.2.0 144.41 NOTE
r-devel-linux-x86_64-fedora-gcc 0.2.0 168.67 NOTE
r-devel-windows-x86_64 0.2.0 11.00 88.00 99.00 NOTE
r-patched-linux-x86_64 0.2.0 11.12 103.59 114.71 NOTE
r-release-linux-x86_64 0.2.0 9.01 105.65 114.66 NOTE
r-release-macos-arm64 0.2.0 47.00 NOTE
r-release-macos-x86_64 0.2.0 75.00 NOTE
r-release-windows-x86_64 0.2.0 15.00 104.00 119.00 NOTE
r-oldrel-macos-arm64 0.2.0 45.00 NOTE
r-oldrel-windows-x86_64 0.2.0 15.00 107.00 122.00 NOTE

Check Details

Version: 0.2.0
Check: package dependencies
Result: NOTE Package suggested but not available for checking: ‘disttree’ Flavors: r-devel-linux-x86_64-debian-clang, r-devel-linux-x86_64-debian-gcc, r-devel-linux-x86_64-fedora-clang, r-devel-linux-x86_64-fedora-gcc, r-devel-windows-x86_64, r-patched-linux-x86_64, r-release-linux-x86_64, r-release-macos-arm64, r-release-macos-x86_64, r-release-windows-x86_64, r-oldrel-macos-arm64, r-oldrel-windows-x86_64