CRAN Package Check Results for Package cocktailApp

Last updated on 2021-06-23 11:52:38 CEST.

Flavor Version Tinstall Tcheck Ttotal Status Flags
r-devel-linux-x86_64-debian-clang 0.2.2 0.67 2.38 3.05 ERROR
r-devel-linux-x86_64-debian-gcc 0.2.2 0.43 1.94 2.37 ERROR
r-devel-linux-x86_64-fedora-clang 0.2.2 12.02 ERROR
r-devel-linux-x86_64-fedora-gcc 0.2.2 2.52 ERROR
r-devel-windows-x86_64 0.2.2 12.00 127.00 139.00 OK
r-devel-windows-x86_64-gcc10-UCRT 0.2.2 ERROR
r-patched-linux-x86_64 0.2.2 0.63 2.36 2.99 ERROR
r-patched-solaris-x86 0.2.2 4.30 ERROR
r-release-linux-x86_64 0.2.2 0.65 2.54 3.19 ERROR
r-release-macos-arm64 0.2.2 NOTE
r-release-macos-x86_64 0.2.2 NOTE
r-release-windows-ix86+x86_64 0.2.2 16.00 97.00 113.00 OK
r-oldrel-macos-x86_64 0.2.2 NOTE

Check Details

Version: 0.2.2
Check: package dependencies
Result: ERROR
    Package required but not available: 'ggtern'
    
    See section 'The DESCRIPTION file' in the 'Writing R Extensions'
    manual.
Flavors: r-devel-linux-x86_64-debian-clang, r-devel-linux-x86_64-debian-gcc, r-devel-linux-x86_64-fedora-clang, r-devel-linux-x86_64-fedora-gcc, r-devel-windows-x86_64-gcc10-UCRT, r-patched-linux-x86_64, r-patched-solaris-x86, r-release-linux-x86_64

Version: 0.2.2
Check: data for non-ASCII characters
Result: NOTE
     Note: found 14729 marked UTF-8 strings
Flavors: r-release-macos-arm64, r-release-macos-x86_64, r-oldrel-macos-x86_64