CRAN Package Check Results for Package cocorresp

Last updated on 2021-06-15 17:50:18 CEST.

Flavor Version Tinstall Tcheck Ttotal Status Flags
r-devel-linux-x86_64-debian-clang 0.4-3 9.89 94.78 104.67 OK
r-devel-linux-x86_64-debian-gcc 0.4-3 8.43 72.77 81.20 OK
r-devel-linux-x86_64-fedora-clang 0.4-3 133.35 NOTE
r-devel-linux-x86_64-fedora-gcc 0.4-3 124.07 OK
r-devel-windows-x86_64 0.4-3 15.00 121.00 136.00 OK
r-devel-windows-x86_64-gcc10-UCRT 0.4-3 OK
r-patched-linux-x86_64 0.4-3 14.13 90.62 104.75 OK
r-patched-solaris-x86 0.4-3 178.90 OK
r-release-linux-x86_64 0.4-3 10.57 91.00 101.57 OK
r-release-macos-arm64 0.4-3 OK
r-release-macos-x86_64 0.4-3 OK
r-release-windows-ix86+x86_64 0.4-3 20.00 117.00 137.00 OK
r-oldrel-macos-x86_64 0.4-3 OK
r-oldrel-windows-ix86+x86_64 0.4-3 13.00 121.00 134.00 OK

Check Details

Version: 0.4-3
Check: Rd cross-references
Result: NOTE
    Undeclared package ‘pls’ in Rd xrefs
Flavor: r-devel-linux-x86_64-fedora-clang