Last updated on 2024-08-16 11:49:37 CEST.
Flavor | Version | Tinstall | Tcheck | Ttotal | Status | Flags |
---|---|---|---|---|---|---|
r-devel-linux-x86_64-debian-clang | 1.0-1 | 2.64 | 23.87 | 26.51 | NOTE | |
r-devel-linux-x86_64-debian-gcc | 1.0-1 | 2.14 | 18.64 | 20.78 | NOTE | |
r-devel-linux-x86_64-fedora-clang | 1.0-1 | 43.16 | NOTE | |||
r-devel-linux-x86_64-fedora-gcc | 1.0-1 | 40.25 | NOTE | |||
r-devel-windows-x86_64 | 1.0-1 | 4.00 | 46.00 | 50.00 | NOTE | |
r-patched-linux-x86_64 | 1.0-1 | 2.77 | 22.67 | 25.44 | NOTE | |
r-release-linux-x86_64 | 1.0-1 | 2.33 | 22.56 | 24.89 | NOTE | |
r-release-macos-arm64 | 1.0-1 | 17.00 | NOTE | |||
r-release-macos-x86_64 | 1.0-1 | 25.00 | NOTE | |||
r-release-windows-x86_64 | 1.0-1 | 3.00 | 45.00 | 48.00 | NOTE | |
r-oldrel-macos-arm64 | 1.0-1 | 17.00 | NOTE | |||
r-oldrel-macos-x86_64 | 1.0-1 | 23.00 | NOTE | |||
r-oldrel-windows-x86_64 | 1.0-1 | 4.00 | 48.00 | 52.00 | NOTE |
Version: 1.0-1
Check: package dependencies
Result: NOTE
Package which this enhances but not available for checking: ‘rkward’
Flavors: r-devel-linux-x86_64-debian-clang, r-devel-linux-x86_64-debian-gcc, r-devel-linux-x86_64-fedora-clang, r-devel-linux-x86_64-fedora-gcc, r-devel-windows-x86_64, r-patched-linux-x86_64, r-release-linux-x86_64, r-release-macos-arm64, r-release-macos-x86_64, r-release-windows-x86_64, r-oldrel-macos-arm64, r-oldrel-macos-x86_64, r-oldrel-windows-x86_64