CRAN Package Check Results for Package codeCollection

Last updated on 2024-06-18 17:49:04 CEST.

Flavor Version Tinstall Tcheck Ttotal Status Flags
r-devel-linux-x86_64-debian-clang 0.1.3 2.26 27.16 29.42 OK
r-devel-linux-x86_64-debian-gcc 0.1.3 2.74 20.95 23.69 OK
r-devel-linux-x86_64-fedora-clang 0.1.3 38.80 NOTE
r-devel-linux-x86_64-fedora-gcc 0.1.3 37.90 NOTE
r-devel-windows-x86_64 0.1.3 5.00 44.00 49.00 OK
r-patched-linux-x86_64 0.1.3 3.41 25.74 29.15 OK
r-release-linux-x86_64 0.1.3 3.45 25.29 28.74 OK
r-release-macos-arm64 0.1.3 18.00 OK
r-release-macos-x86_64 0.1.3 24.00 OK
r-release-windows-x86_64 0.1.3 5.00 44.00 49.00 OK
r-oldrel-macos-arm64 0.1.3 20.00 OK
r-oldrel-macos-x86_64 0.1.3 23.00 OK
r-oldrel-windows-x86_64 0.1.3 6.00 46.00 52.00 OK

Check Details

Version: 0.1.3
Check: data for non-ASCII characters
Result: NOTE Note: found 30244 marked UTF-8 strings Flavors: r-devel-linux-x86_64-fedora-clang, r-devel-linux-x86_64-fedora-gcc