Last updated on 2023-10-03 18:04:58 CEST.
Flavor | Version | Tinstall | Tcheck | Ttotal | Status | Flags |
---|---|---|---|---|---|---|
r-devel-linux-x86_64-debian-clang | 0.5.0 | 2.05 | 21.99 | 24.04 | OK | |
r-devel-linux-x86_64-debian-gcc | 0.5.0 | 1.79 | 17.60 | 19.39 | OK | |
r-devel-linux-x86_64-fedora-clang | 0.5.0 | 30.47 | NOTE | |||
r-devel-linux-x86_64-fedora-gcc | 0.5.0 | 29.98 | NOTE | |||
r-devel-windows-x86_64 | 0.5.0 | 3.00 | 41.00 | 44.00 | OK | |
r-patched-linux-x86_64 | 0.5.0 | 1.80 | 21.65 | 23.45 | OK | |
r-release-linux-x86_64 | 0.5.0 | 1.93 | 21.84 | 23.77 | OK | |
r-release-macos-arm64 | 0.5.0 | 17.00 | OK | |||
r-release-macos-x86_64 | 0.5.0 | 22.00 | OK | |||
r-release-windows-x86_64 | 0.5.0 | 10.00 | 40.00 | 50.00 | OK | |
r-oldrel-macos-arm64 | 0.5.0 | 14.00 | OK | |||
r-oldrel-macos-x86_64 | 0.5.0 | 22.00 | OK | |||
r-oldrel-windows-x86_64 | 0.5.0 | 5.00 | 41.00 | 46.00 | OK |
Version: 0.5.0
Check: data for non-ASCII characters
Result: NOTE
Note: found 6 marked UTF-8 strings
Flavors: r-devel-linux-x86_64-fedora-clang, r-devel-linux-x86_64-fedora-gcc