Last updated on 2024-03-28 17:49:24 CET.
Flavor | Version | Tinstall | Tcheck | Ttotal | Status | Flags |
---|---|---|---|---|---|---|
r-devel-linux-x86_64-debian-clang | 2.2-0 | 8.45 | 65.73 | 74.18 | OK | |
r-devel-linux-x86_64-debian-gcc | 2.2-0 | 6.38 | 49.71 | 56.09 | OK | |
r-devel-linux-x86_64-fedora-clang | 2.2-0 | 94.65 | NOTE | |||
r-devel-linux-x86_64-fedora-gcc | 2.2-0 | 93.20 | NOTE | |||
r-devel-windows-x86_64 | 2.2-0 | 10.00 | 66.00 | 76.00 | OK | |
r-patched-linux-x86_64 | 2.2-0 | 6.64 | 63.74 | 70.38 | OK | |
r-release-linux-x86_64 | 2.2-0 | 8.95 | 65.29 | 74.24 | OK | |
r-release-macos-arm64 | 2.2-0 | 36.00 | OK | |||
r-release-macos-x86_64 | 2.2-0 | 54.00 | OK | |||
r-release-windows-x86_64 | 2.2-0 | 13.00 | 74.00 | 87.00 | OK | |
r-oldrel-macos-arm64 | 2.2-0 | 33.00 | OK | |||
r-oldrel-windows-x86_64 | 2.2-0 | 13.00 | 80.00 | 93.00 | OK |
Version: 2.2-0
Check: compiled code
Result: NOTE
File ‘coenoflex/libs/coenoflex.so’:
Found no calls to: ‘R_registerRoutines’, ‘R_useDynamicSymbols’
It is good practice to register native routines and to disable symbol
search.
See ‘Writing portable packages’ in the ‘Writing R Extensions’ manual.
Flavors: r-devel-linux-x86_64-fedora-clang, r-devel-linux-x86_64-fedora-gcc