CRAN Package Check Results for Package cohortBuilder

Last updated on 2024-02-22 00:58:26 CET.

Flavor Version Tinstall Tcheck Ttotal Status Flags
r-devel-linux-x86_64-debian-clang 0.2.0 NOTE
r-devel-linux-x86_64-debian-gcc 0.2.0 6.87 68.97 75.84 NOTE
r-devel-linux-x86_64-fedora-clang 0.2.0 123.60 OK
r-devel-linux-x86_64-fedora-gcc 0.2.0 131.43 OK
r-devel-windows-x86_64 0.2.0 9.00 99.00 108.00 OK
r-patched-linux-x86_64 0.2.0 10.24 88.38 98.62 OK
r-release-linux-x86_64 0.2.0 6.49 87.24 93.73 OK
r-release-macos-arm64 0.2.0 50.00 OK
r-release-macos-x86_64 0.2.0 81.00 OK
r-release-windows-x86_64 0.2.0 12.00 110.00 122.00 OK
r-oldrel-macos-arm64 0.2.0 40.00 OK
r-oldrel-windows-x86_64 0.2.0 13.00 106.00 119.00 OK

Check Details

Version: 0.2.0
Check: Rd files
Result: NOTE checkRd: (-1) binding-keys.Rd:67: Lost braces in \itemize; meant \describe ? checkRd: (-1) binding-keys.Rd:68: Lost braces in \itemize; meant \describe ? checkRd: (-1) binding-keys.Rd:69: Lost braces in \itemize; meant \describe ? checkRd: (-1) binding-keys.Rd:74: Lost braces in \itemize; meant \describe ? checkRd: (-1) binding-keys.Rd:75: Lost braces in \itemize; meant \describe ? checkRd: (-1) binding-keys.Rd:81: Lost braces in \itemize; meant \describe ? checkRd: (-1) binding-keys.Rd:82: Lost braces in \itemize; meant \describe ? checkRd: (-1) cohort-methods.Rd:14: Lost braces in \itemize; meant \describe ? checkRd: (-1) cohort-methods.Rd:15: Lost braces in \itemize; meant \describe ? checkRd: (-1) cohort-methods.Rd:16: Lost braces in \itemize; meant \describe ? checkRd: (-1) cohort-methods.Rd:17: Lost braces in \itemize; meant \describe ? checkRd: (-1) cohort-methods.Rd:18: Lost braces in \itemize; meant \describe ? checkRd: (-1) cohort-methods.Rd:19: Lost braces in \itemize; meant \describe ? checkRd: (-1) cohort-methods.Rd:20: Lost braces in \itemize; meant \describe ? checkRd: (-1) cohort-methods.Rd:21: Lost braces in \itemize; meant \describe ? checkRd: (-1) cohort-methods.Rd:22: Lost braces in \itemize; meant \describe ? checkRd: (-1) hooks.Rd:32: Lost braces in \itemize; meant \describe ? checkRd: (-1) hooks.Rd:33: Lost braces in \itemize; meant \describe ? checkRd: (-1) hooks.Rd:63: Lost braces; missing escapes or markup? 63 | As a result calling `add_hook("pre_remove_step_hook", function(public, private, step_id) {...})` | ^ checkRd: (-1) managing-cohort.Rd:13: Lost braces in \itemize; meant \describe ? checkRd: (-1) managing-cohort.Rd:14: Lost braces in \itemize; meant \describe ? checkRd: (-1) managing-cohort.Rd:15: Lost braces in \itemize; meant \describe ? checkRd: (-1) managing-cohort.Rd:16: Lost braces in \itemize; meant \describe ? checkRd: (-1) managing-cohort.Rd:17: Lost braces in \itemize; meant \describe ? checkRd: (-1) managing-cohort.Rd:18: Lost braces in \itemize; meant \describe ? checkRd: (-1) managing-cohort.Rd:19: Lost braces in \itemize; meant \describe ? checkRd: (-1) managing-cohort.Rd:20: Lost braces in \itemize; meant \describe ? checkRd: (-1) managing-source.Rd:13: Lost braces in \itemize; meant \describe ? checkRd: (-1) managing-source.Rd:14: Lost braces in \itemize; meant \describe ? checkRd: (-1) managing-source.Rd:15: Lost braces in \itemize; meant \describe ? checkRd: (-1) managing-source.Rd:16: Lost braces in \itemize; meant \describe ? checkRd: (-1) managing-source.Rd:17: Lost braces in \itemize; meant \describe ? checkRd: (-1) source-layer.Rd:111-113: Lost braces in \itemize; meant \describe ? checkRd: (-1) source-layer.Rd:114: Lost braces in \itemize; meant \describe ? checkRd: (-1) source-layer.Rd:115-116: Lost braces in \itemize; meant \describe ? checkRd: (-1) source-layer.Rd:117-118: Lost braces in \itemize; meant \describe ? checkRd: (-1) source-layer.Rd:119-120: Lost braces in \itemize; meant \describe ? checkRd: (-1) source-layer.Rd:121-122: Lost braces in \itemize; meant \describe ? checkRd: (-1) source-layer.Rd:123-124: Lost braces in \itemize; meant \describe ? checkRd: (-1) source-layer.Rd:125-126: Lost braces in \itemize; meant \describe ? checkRd: (-1) source-layer.Rd:127-128: Lost braces in \itemize; meant \describe ? Flavors: r-devel-linux-x86_64-debian-clang, r-devel-linux-x86_64-debian-gcc