Last updated on 2024-08-16 11:49:37 CEST.
Flavor | Version | Tinstall | Tcheck | Ttotal | Status | Flags |
---|---|---|---|---|---|---|
r-devel-linux-x86_64-debian-clang | 2.0.15 | 263.68 | 386.03 | 649.71 | NOTE | |
r-devel-linux-x86_64-debian-gcc | 2.0.15 | 149.10 | 253.15 | 402.25 | NOTE | |
r-devel-linux-x86_64-fedora-clang | 2.0.15 | 946.77 | NOTE | |||
r-devel-linux-x86_64-fedora-gcc | 2.0.15 | 1025.22 | NOTE | |||
r-devel-windows-x86_64 | 2.0.15 | 171.00 | 455.00 | 626.00 | NOTE | |
r-patched-linux-x86_64 | 2.0.15 | 194.79 | 376.15 | 570.94 | OK | |
r-release-linux-x86_64 | 2.0.15 | 181.64 | 365.74 | 547.38 | OK | |
r-release-macos-arm64 | 2.0.15 | 280.00 | NOTE | |||
r-release-macos-x86_64 | 2.0.15 | 618.00 | NOTE | |||
r-release-windows-x86_64 | 2.0.15 | 180.00 | 440.00 | 620.00 | NOTE | |
r-oldrel-macos-arm64 | 2.0.15 | 268.00 | NOTE | |||
r-oldrel-macos-x86_64 | 2.0.15 | 592.00 | NOTE | |||
r-oldrel-windows-x86_64 | 2.0.15 | 199.00 | 549.00 | 748.00 | NOTE |
Version: 2.0.15
Check: compiled code
Result: NOTE
File ‘collapse/libs/collapse.so’:
Found non-API calls to R: ‘SETLENGTH’, ‘SET_TRUELENGTH’, ‘TRUELENGTH’
Compiled code should not call non-API entry points in R.
See ‘Writing portable packages’ in the ‘Writing R Extensions’ manual,
and section ‘Moving into C API compliance’ for issues with the use of
non-API entry points.
Flavors: r-devel-linux-x86_64-debian-clang, r-devel-linux-x86_64-debian-gcc, r-devel-linux-x86_64-fedora-clang, r-devel-linux-x86_64-fedora-gcc
Version: 2.0.15
Check: installed package size
Result: NOTE
installed size is 6.0Mb
sub-directories of 1Mb or more:
R 1.1Mb
libs 3.0Mb
Flavors: r-devel-linux-x86_64-fedora-clang, r-devel-windows-x86_64, r-release-macos-arm64, r-release-macos-x86_64, r-release-windows-x86_64, r-oldrel-macos-arm64, r-oldrel-macos-x86_64, r-oldrel-windows-x86_64
Version: 2.0.15
Check: compiled code
Result: NOTE
File 'collapse/libs/x64/collapse.dll':
Found non-API calls to R: 'SETLENGTH', 'SET_TRUELENGTH', 'TRUELENGTH'
Compiled code should not call non-API entry points in R.
See 'Writing portable packages' in the 'Writing R Extensions' manual,
and section 'Moving into C API compliance' for issues with the use of
non-API entry points.
Flavor: r-devel-windows-x86_64