Last updated on 2024-03-29 00:50:45 CET.
Flavor | Version | Tinstall | Tcheck | Ttotal | Status | Flags |
---|---|---|---|---|---|---|
r-devel-linux-x86_64-debian-clang | 0.1.1 | 4.53 | 179.74 | 184.27 | NOTE | |
r-devel-linux-x86_64-debian-gcc | 0.1.1 | 5.39 | 131.10 | 136.49 | NOTE | |
r-devel-linux-x86_64-fedora-clang | 0.1.1 | 248.66 | NOTE | |||
r-devel-linux-x86_64-fedora-gcc | 0.1.1 | 275.18 | NOTE | |||
r-devel-windows-x86_64 | 0.1.1 | 8.00 | 238.00 | 246.00 | NOTE | |
r-patched-linux-x86_64 | 0.1.1 | 10.36 | 171.24 | 181.60 | NOTE | |
r-release-linux-x86_64 | 0.1.1 | 6.52 | 172.71 | 179.23 | NOTE | |
r-release-macos-arm64 | 0.1.1 | 84.00 | NOTE | |||
r-release-macos-x86_64 | 0.1.1 | 136.00 | NOTE | |||
r-release-windows-x86_64 | 0.1.1 | 9.00 | 231.00 | 240.00 | NOTE | |
r-oldrel-macos-arm64 | 0.1.1 | 70.00 | NOTE | |||
r-oldrel-windows-x86_64 | 0.1.1 | 10.00 | 234.00 | 244.00 | NOTE |
Version: 0.1.1
Check: LazyData
Result: NOTE
'LazyData' is specified without a 'data' directory
Flavors: r-devel-linux-x86_64-debian-clang, r-devel-linux-x86_64-debian-gcc, r-devel-linux-x86_64-fedora-clang, r-devel-linux-x86_64-fedora-gcc, r-devel-windows-x86_64, r-patched-linux-x86_64, r-release-linux-x86_64, r-release-macos-arm64, r-release-macos-x86_64, r-release-windows-x86_64, r-oldrel-macos-arm64, r-oldrel-windows-x86_64