CRAN Package Check Results for Package colorBlindness

Last updated on 2024-06-13 18:49:44 CEST.

Flavor Version Tinstall Tcheck Ttotal Status Flags
r-devel-linux-x86_64-debian-clang 0.1.9 6.47 82.31 88.78 OK
r-devel-linux-x86_64-debian-gcc 0.1.9 0.60 1.84 2.44 ERROR
r-devel-linux-x86_64-fedora-clang 0.1.9 110.94 NOTE
r-devel-linux-x86_64-fedora-gcc 0.1.9 119.83 OK
r-devel-windows-x86_64 0.1.9 7.00 72.00 79.00 NOTE
r-patched-linux-x86_64 0.1.9 7.56 79.23 86.79 OK
r-release-linux-x86_64 0.1.9 6.90 78.38 85.28 OK
r-release-macos-arm64 0.1.9 36.00 NOTE
r-release-macos-x86_64 0.1.9 53.00 NOTE
r-release-windows-x86_64 0.1.9 7.00 71.00 78.00 NOTE
r-oldrel-macos-arm64 0.1.9 43.00 NOTE
r-oldrel-macos-x86_64 0.1.9 57.00 NOTE
r-oldrel-windows-x86_64 0.1.9 10.00 82.00 92.00 NOTE

Check Details

Version: 0.1.9
Check: package dependencies
Result: ERROR Packages required but not available: 'ggplot2', 'cowplot' Package suggested but not available for checking: ‘reshape2’ See section ‘The DESCRIPTION file’ in the ‘Writing R Extensions’ manual. Flavor: r-devel-linux-x86_64-debian-gcc

Version: 0.1.9
Check: installed package size
Result: NOTE installed size is 5.2Mb sub-directories of 1Mb or more: doc 4.9Mb Flavors: r-devel-linux-x86_64-fedora-clang, r-devel-windows-x86_64, r-release-macos-arm64, r-release-macos-x86_64, r-release-windows-x86_64, r-oldrel-macos-arm64, r-oldrel-macos-x86_64, r-oldrel-windows-x86_64