Last updated on 2023-06-06 11:57:37 CEST.
Flavor | Version | Tinstall | Tcheck | Ttotal | Status | Flags |
---|---|---|---|---|---|---|
r-devel-linux-x86_64-debian-clang | 0.1.9 | 6.86 | 67.99 | 74.85 | OK | |
r-devel-linux-x86_64-debian-gcc | 0.1.9 | 5.35 | 51.83 | 57.18 | OK | |
r-devel-linux-x86_64-fedora-clang | 0.1.9 | 93.72 | NOTE | |||
r-devel-linux-x86_64-fedora-gcc | 0.1.9 | 101.72 | OK | |||
r-devel-windows-x86_64 | 0.1.9 | 8.00 | 72.00 | 80.00 | NOTE | |
r-patched-linux-x86_64 | 0.1.9 | 7.30 | 64.47 | 71.77 | OK | |
r-release-linux-x86_64 | 0.1.9 | 6.12 | 63.39 | 69.51 | OK | |
r-release-macos-arm64 | 0.1.9 | 43.00 | NOTE | |||
r-release-macos-x86_64 | 0.1.9 | 57.00 | NOTE | |||
r-release-windows-x86_64 | 0.1.9 | 10.00 | 81.00 | 91.00 | NOTE | |
r-oldrel-macos-arm64 | 0.1.9 | 34.00 | NOTE | |||
r-oldrel-macos-x86_64 | 0.1.9 | 62.00 | NOTE | |||
r-oldrel-windows-x86_64 | 0.1.9 | 9.00 | 85.00 | 94.00 | NOTE |
Version: 0.1.9
Check: installed package size
Result: NOTE
installed size is 5.2Mb
sub-directories of 1Mb or more:
doc 4.9Mb
Flavors: r-devel-linux-x86_64-fedora-clang, r-devel-windows-x86_64, r-release-macos-arm64, r-release-macos-x86_64, r-release-windows-x86_64, r-oldrel-macos-arm64, r-oldrel-macos-x86_64, r-oldrel-windows-x86_64