CRAN Package Check Results for Package colorpatch

Last updated on 2019-11-17 05:47:08 CET.

Flavor Version Tinstall Tcheck Ttotal Status Flags
r-devel-linux-x86_64-debian-clang 0.1.2 4.37 46.89 51.26 OK
r-devel-linux-x86_64-debian-gcc 0.1.2 3.66 35.58 39.24 OK
r-devel-linux-x86_64-fedora-clang 0.1.2 60.22 NOTE
r-devel-linux-x86_64-fedora-gcc 0.1.2 60.46 NOTE
r-devel-windows-ix86+x86_64 0.1.2 19.00 84.00 103.00 OK
r-patched-linux-x86_64 0.1.2 4.07 44.50 48.57 OK
r-patched-solaris-x86 0.1.2 87.10 NOTE
r-release-linux-x86_64 0.1.2 3.44 43.86 47.30 OK
r-release-windows-ix86+x86_64 0.1.2 9.00 59.00 68.00 OK
r-release-osx-x86_64 0.1.2 NOTE
r-oldrel-windows-ix86+x86_64 0.1.2 5.00 58.00 63.00 OK
r-oldrel-osx-x86_64 0.1.2 NOTE

Check Details

Version: 0.1.2
Check: dependencies in R code
Result: NOTE
    Namespaces in Imports field not imported from:
     ‘grid’ ‘gridExtra’
     All declared Imports should be used.
Flavors: r-devel-linux-x86_64-fedora-clang, r-devel-linux-x86_64-fedora-gcc, r-patched-solaris-x86, r-release-osx-x86_64, r-oldrel-osx-x86_64