CRAN Package Check Results for Package colorpatch

Last updated on 2021-06-25 05:51:45 CEST.

Flavor Version Tinstall Tcheck Ttotal Status Flags
r-devel-linux-x86_64-debian-clang 0.1.2 4.53 54.56 59.09 OK
r-devel-linux-x86_64-debian-gcc 0.1.2 4.07 41.16 45.23 OK
r-devel-linux-x86_64-fedora-clang 0.1.2 82.02 NOTE
r-devel-linux-x86_64-fedora-gcc 0.1.2 69.61 NOTE
r-devel-windows-x86_64 0.1.2 8.00 56.00 64.00 OK
r-devel-windows-x86_64-gcc10-UCRT 0.1.2 NOTE
r-patched-linux-x86_64 0.1.2 8.02 51.16 59.18 OK
r-patched-solaris-x86 0.1.2 96.50 NOTE
r-release-linux-x86_64 0.1.2 5.20 51.71 56.91 OK
r-release-macos-arm64 0.1.2 NOTE
r-release-macos-x86_64 0.1.2 NOTE
r-release-windows-ix86+x86_64 0.1.2 9.00 55.00 64.00 OK
r-oldrel-macos-x86_64 0.1.2 NOTE
r-oldrel-windows-ix86+x86_64 0.1.2 12.00 67.00 79.00 OK

Check Details

Version: 0.1.2
Check: dependencies in R code
Result: NOTE
    Namespaces in Imports field not imported from:
     ‘grid’ ‘gridExtra’
     All declared Imports should be used.
Flavors: r-devel-linux-x86_64-fedora-clang, r-devel-linux-x86_64-fedora-gcc, r-devel-windows-x86_64-gcc10-UCRT, r-patched-solaris-x86, r-release-macos-arm64, r-release-macos-x86_64, r-oldrel-macos-x86_64