CRAN Package Check Results for Package colorpatch

Last updated on 2020-12-04 11:49:27 CET.

Flavor Version Tinstall Tcheck Ttotal Status Flags
r-devel-linux-x86_64-debian-clang 0.1.2 5.92 51.19 57.11 OK
r-devel-linux-x86_64-debian-gcc 0.1.2 4.07 39.92 43.99 OK
r-devel-linux-x86_64-fedora-clang 0.1.2 74.26 NOTE
r-devel-linux-x86_64-fedora-gcc 0.1.2 65.14 NOTE
r-devel-windows-ix86+x86_64 0.1.2 11.00 72.00 83.00 OK
r-patched-linux-x86_64 0.1.2 5.62 51.13 56.75 OK
r-patched-solaris-x86 0.1.2 92.30 NOTE
r-release-linux-x86_64 0.1.2 4.33 50.00 54.33 OK
r-release-macos-x86_64 0.1.2 NOTE
r-release-windows-ix86+x86_64 0.1.2 9.00 56.00 65.00 OK
r-oldrel-macos-x86_64 0.1.2 NOTE
r-oldrel-windows-ix86+x86_64 0.1.2 9.00 68.00 77.00 OK

Check Details

Version: 0.1.2
Check: dependencies in R code
Result: NOTE
    Namespaces in Imports field not imported from:
     ‘grid’ ‘gridExtra’
     All declared Imports should be used.
Flavors: r-devel-linux-x86_64-fedora-clang, r-devel-linux-x86_64-fedora-gcc, r-patched-solaris-x86, r-release-macos-x86_64, r-oldrel-macos-x86_64