CRAN Package Check Results for Package colourvalues

Last updated on 2024-06-13 05:59:00 CEST.

Flavor Version Tinstall Tcheck Ttotal Status Flags
r-devel-linux-x86_64-debian-clang 0.3.9 101.64 39.44 141.08 NOTE
r-devel-linux-x86_64-debian-gcc 0.3.9 67.79 26.17 93.96 ERROR
r-devel-linux-x86_64-fedora-clang 0.3.9 201.32 NOTE
r-devel-linux-x86_64-fedora-gcc 0.3.9 217.12 NOTE
r-devel-windows-x86_64 0.3.9 78.00 78.00 156.00 NOTE
r-patched-linux-x86_64 0.3.9 92.25 37.52 129.77 NOTE
r-release-linux-x86_64 0.3.9 80.59 37.88 118.47 NOTE
r-release-macos-arm64 0.3.9 41.00 NOTE
r-release-macos-x86_64 0.3.9 52.00 NOTE
r-release-windows-x86_64 0.3.9 76.00 86.00 162.00 NOTE
r-oldrel-macos-arm64 0.3.9 51.00 NOTE
r-oldrel-macos-x86_64 0.3.9 140.00 NOTE
r-oldrel-windows-x86_64 0.3.9 81.00 93.00 174.00 OK

Check Details

Version: 0.3.9
Check: Rd files
Result: NOTE checkRd: (-1) colour_values.Rd:143: Lost braces in \itemize; meant \describe ? checkRd: (-1) colour_values.Rd:144: Lost braces in \itemize; meant \describe ? checkRd: (-1) colour_values_rgb.Rd:143: Lost braces in \itemize; meant \describe ? checkRd: (-1) colour_values_rgb.Rd:144: Lost braces in \itemize; meant \describe ? Flavors: r-devel-linux-x86_64-debian-clang, r-devel-linux-x86_64-debian-gcc, r-devel-linux-x86_64-fedora-clang, r-devel-linux-x86_64-fedora-gcc, r-devel-windows-x86_64, r-patched-linux-x86_64, r-release-linux-x86_64, r-release-macos-arm64, r-release-macos-x86_64, r-release-windows-x86_64

Version: 0.3.9
Check: package dependencies
Result: NOTE Package suggested but not available for checking: ‘testthat’ Flavor: r-devel-linux-x86_64-debian-gcc

Version: 0.3.9
Check: tests
Result: ERROR Running ‘testthat.R’ [0s/1s] Running the tests in ‘tests/testthat.R’ failed. Complete output: > library(testthat) Error in library(testthat) : there is no package called 'testthat' Execution halted Flavor: r-devel-linux-x86_64-debian-gcc

Version: 0.3.9
Check: installed package size
Result: NOTE installed size is 6.7Mb sub-directories of 1Mb or more: libs 5.4Mb Flavors: r-release-macos-arm64, r-release-macos-x86_64, r-oldrel-macos-arm64, r-oldrel-macos-x86_64