Last updated on 2023-03-29 23:56:38 CEST.
Flavor | Version | Tinstall | Tcheck | Ttotal | Status | Flags |
---|---|---|---|---|---|---|
r-devel-linux-x86_64-debian-clang | 0.0-8 | 2.29 | 21.73 | 24.02 | NOTE | |
r-devel-linux-x86_64-debian-gcc | 0.0-8 | 1.85 | 17.20 | 19.05 | NOTE | |
r-devel-linux-x86_64-fedora-clang | 0.0-8 | 30.86 | NOTE | |||
r-devel-linux-x86_64-fedora-gcc | 0.0-8 | 29.21 | NOTE | |||
r-devel-windows-x86_64 | 0.0-8 | 13.00 | 48.00 | 61.00 | NOTE | |
r-patched-linux-x86_64 | 0.0-8 | 2.45 | 21.00 | 23.45 | NOTE | |
r-release-linux-x86_64 | 0.0-8 | 1.75 | 22.77 | 24.52 | NOTE | |
r-release-macos-arm64 | 0.0-8 | 12.00 | NOTE | |||
r-release-macos-x86_64 | 0.0-8 | 21.00 | NOTE | |||
r-release-windows-x86_64 | 0.0-8 | 5.00 | 42.00 | 47.00 | NOTE | |
r-oldrel-macos-arm64 | 0.0-8 | 21.00 | NOTE | |||
r-oldrel-macos-x86_64 | 0.0-8 | 25.00 | NOTE | |||
r-oldrel-windows-ix86+x86_64 | 0.0-8 | 4.00 | 25.00 | 29.00 | NOTE |
Version: 0.0-8
Check: DESCRIPTION meta-information
Result: NOTE
Malformed Description field: should contain one or more complete sentences.
Flavors: r-devel-linux-x86_64-debian-clang, r-devel-linux-x86_64-debian-gcc, r-devel-linux-x86_64-fedora-clang, r-devel-linux-x86_64-fedora-gcc, r-devel-windows-x86_64, r-patched-linux-x86_64, r-release-linux-x86_64, r-release-macos-arm64, r-release-macos-x86_64, r-release-windows-x86_64, r-oldrel-macos-arm64, r-oldrel-macos-x86_64, r-oldrel-windows-ix86+x86_64