CRAN Package Check Results for Package combinat

Last updated on 2021-05-14 00:48:14 CEST.

Flavor Version Tinstall Tcheck Ttotal Status Flags
r-devel-linux-x86_64-debian-clang 0.0-8 2.23 21.60 23.83 NOTE
r-devel-linux-x86_64-debian-gcc 0.0-8 1.55 17.27 18.82 NOTE
r-devel-linux-x86_64-fedora-clang 0.0-8 39.67 NOTE
r-devel-linux-x86_64-fedora-gcc 0.0-8 27.96 NOTE
r-devel-windows-ix86+x86_64 0.0-8 4.00 25.00 29.00 NOTE
r-devel-windows-x86_64-gcc10-UCRT 0.0-8 NOTE
r-patched-linux-x86_64 0.0-8 2.38 21.24 23.62 NOTE
r-patched-solaris-x86 0.0-8 45.00 NOTE
r-release-linux-x86_64 0.0-8 2.00 21.22 23.22 NOTE
r-release-macos-x86_64 0.0-8 NOTE
r-release-windows-ix86+x86_64 0.0-8 4.00 24.00 28.00 NOTE
r-oldrel-macos-x86_64 0.0-8 NOTE
r-oldrel-windows-ix86+x86_64 0.0-8 4.00 37.00 41.00 NOTE

Check Details

Version: 0.0-8
Check: DESCRIPTION meta-information
Result: NOTE
    Malformed Description field: should contain one or more complete sentences.
Flavors: r-devel-linux-x86_64-debian-clang, r-devel-linux-x86_64-debian-gcc, r-devel-linux-x86_64-fedora-clang, r-devel-linux-x86_64-fedora-gcc, r-devel-windows-ix86+x86_64, r-devel-windows-x86_64-gcc10-UCRT, r-patched-linux-x86_64, r-patched-solaris-x86, r-release-linux-x86_64, r-release-macos-x86_64, r-release-windows-ix86+x86_64, r-oldrel-macos-x86_64, r-oldrel-windows-ix86+x86_64