CRAN Package Check Results for Package combinat

Last updated on 2021-11-26 23:49:57 CET.

Flavor Version Tinstall Tcheck Ttotal Status Flags
r-devel-linux-x86_64-debian-clang 0.0-8 1.95 20.40 22.35 NOTE
r-devel-linux-x86_64-debian-gcc 0.0-8 1.58 16.49 18.07 NOTE
r-devel-linux-x86_64-fedora-clang 0.0-8 41.01 NOTE
r-devel-linux-x86_64-fedora-gcc 0.0-8 29.15 NOTE
r-devel-windows-x86_64-new-UL 0.0-8 6.00 48.00 54.00 NOTE
r-devel-windows-x86_64-new-TK 0.0-8 NOTE
r-devel-windows-x86_64-old 0.0-8 4.00 34.00 38.00 NOTE
r-patched-linux-x86_64 0.0-8 2.21 19.94 22.15 NOTE
r-patched-solaris-x86 0.0-8 45.20 NOTE
r-release-linux-x86_64 0.0-8 NOTE
r-release-macos-arm64 0.0-8 NOTE
r-release-macos-x86_64 0.0-8 NOTE
r-release-windows-ix86+x86_64 0.0-8 4.00 25.00 29.00 NOTE
r-oldrel-macos-x86_64 0.0-8 NOTE
r-oldrel-windows-ix86+x86_64 0.0-8 4.00 24.00 28.00 NOTE

Check Details

Version: 0.0-8
Check: DESCRIPTION meta-information
Result: NOTE
    Malformed Description field: should contain one or more complete sentences.
Flavors: r-devel-linux-x86_64-debian-clang, r-devel-linux-x86_64-debian-gcc, r-devel-linux-x86_64-fedora-clang, r-devel-linux-x86_64-fedora-gcc, r-devel-windows-x86_64-new-UL, r-devel-windows-x86_64-new-TK, r-devel-windows-x86_64-old, r-patched-linux-x86_64, r-patched-solaris-x86, r-release-linux-x86_64, r-release-macos-arm64, r-release-macos-x86_64, r-release-windows-ix86+x86_64, r-oldrel-macos-x86_64, r-oldrel-windows-ix86+x86_64