Last updated on 2023-03-23 17:52:11 CET.
Flavor | Version | Tinstall | Tcheck | Ttotal | Status | Flags |
---|---|---|---|---|---|---|
r-devel-linux-x86_64-debian-clang | 0.1.4 | 1.86 | 20.37 | 22.23 | NOTE | |
r-devel-linux-x86_64-debian-gcc | 0.1.4 | 1.70 | 16.30 | 18.00 | NOTE | |
r-devel-linux-x86_64-fedora-clang | 0.1.4 | 30.64 | NOTE | |||
r-devel-linux-x86_64-fedora-gcc | 0.1.4 | 27.75 | NOTE | |||
r-devel-windows-x86_64 | 0.1.4 | 33.00 | 50.00 | 83.00 | NOTE | |
r-patched-linux-x86_64 | 0.1.4 | 2.22 | 22.13 | 24.35 | OK | |
r-release-linux-x86_64 | 0.1.4 | 2.13 | 22.54 | 24.67 | OK | |
r-release-macos-arm64 | 0.1.4 | 15.00 | NOTE | |||
r-release-macos-x86_64 | 0.1.4 | 25.00 | NOTE | |||
r-release-windows-x86_64 | 0.1.4 | 28.00 | 80.00 | 108.00 | OK | |
r-oldrel-macos-arm64 | 0.1.4 | 22.00 | NOTE | |||
r-oldrel-macos-x86_64 | 0.1.4 | 20.00 | NOTE | |||
r-oldrel-windows-ix86+x86_64 | 0.1.4 | 6.00 | 49.00 | 55.00 | OK |
Version: 0.1.4
Check: package subdirectories
Result: NOTE
Problems with news in ‘NEWS.md’:
No news entries found.
Flavors: r-devel-linux-x86_64-debian-clang, r-devel-linux-x86_64-debian-gcc, r-devel-linux-x86_64-fedora-clang, r-devel-linux-x86_64-fedora-gcc, r-devel-windows-x86_64
Version: 0.1.4
Check: dependencies in R code
Result: NOTE
Namespaces in Imports field not imported from:
‘chi’ ‘dplyr’ ‘spatstat.utils’ ‘utils’
All declared Imports should be used.
Flavors: r-devel-linux-x86_64-fedora-clang, r-devel-linux-x86_64-fedora-gcc, r-release-macos-arm64, r-release-macos-x86_64, r-oldrel-macos-arm64, r-oldrel-macos-x86_64