CRAN Package Check Results for Package combiter

Last updated on 2021-06-20 11:51:12 CEST.

Flavor Version Tinstall Tcheck Ttotal Status Flags
r-devel-linux-x86_64-debian-clang 1.0.3 42.57 38.98 81.55 NOTE
r-devel-linux-x86_64-debian-gcc 1.0.3 24.77 30.23 55.00 NOTE
r-devel-linux-x86_64-fedora-clang 1.0.3 119.09 NOTE
r-devel-linux-x86_64-fedora-gcc 1.0.3 96.86 NOTE
r-devel-windows-x86_64 1.0.3 51.00 56.00 107.00 NOTE
r-devel-windows-x86_64-gcc10-UCRT 1.0.3 NOTE
r-patched-linux-x86_64 1.0.3 31.24 38.41 69.65 NOTE
r-patched-solaris-x86 1.0.3 105.70 NOTE
r-release-linux-x86_64 1.0.3 31.66 38.39 70.05 NOTE
r-release-macos-arm64 1.0.3 NOTE
r-release-macos-x86_64 1.0.3 NOTE
r-release-windows-ix86+x86_64 1.0.3 97.00 93.00 190.00 NOTE
r-oldrel-macos-x86_64 1.0.3 OK
r-oldrel-windows-ix86+x86_64 1.0.3 75.00 97.00 172.00 OK

Check Details

Version: 1.0.3
Check: LazyData
Result: NOTE
     'LazyData' is specified without a 'data' directory
Flavors: r-devel-linux-x86_64-debian-clang, r-devel-linux-x86_64-debian-gcc, r-devel-linux-x86_64-fedora-clang, r-devel-linux-x86_64-fedora-gcc, r-devel-windows-x86_64, r-devel-windows-x86_64-gcc10-UCRT, r-patched-linux-x86_64, r-patched-solaris-x86, r-release-linux-x86_64, r-release-macos-arm64, r-release-macos-x86_64, r-release-windows-ix86+x86_64