Last updated on 2021-03-09 05:47:02 CET.
Flavor | Version | Tinstall | Tcheck | Ttotal | Status | Flags |
---|---|---|---|---|---|---|
r-devel-linux-x86_64-debian-clang | 1.2.5 | 1.93 | 104.04 | 105.97 | OK | |
r-devel-linux-x86_64-debian-gcc | 1.2.5 | 1.67 | 79.76 | 81.43 | OK | |
r-devel-linux-x86_64-fedora-clang | 1.2.5 | 111.74 | OK | |||
r-devel-linux-x86_64-fedora-gcc | 1.2.5 | 122.71 | OK | |||
r-devel-windows-ix86+x86_64 | 1.2.5 | 7.00 | 136.00 | 143.00 | OK | |
r-devel-windows-x86_64-gcc10-UCRT | 1.2.5 | OK | ||||
r-patched-linux-x86_64 | 1.2.5 | 2.19 | 101.94 | 104.13 | OK | |
r-patched-solaris-x86 | 1.2.5 | 53.90 | NOTE | |||
r-release-linux-x86_64 | 1.2.5 | 2.33 | 104.26 | 106.59 | OK | |
r-release-macos-x86_64 | 1.2.5 | OK | ||||
r-release-windows-ix86+x86_64 | 1.2.5 | 6.00 | 168.00 | 174.00 | OK | |
r-oldrel-macos-x86_64 | 1.2.5 | OK | ||||
r-oldrel-windows-ix86+x86_64 | 1.2.5 | 7.00 | 132.00 | 139.00 | OK |
Version: 1.2.5
Check: package dependencies
Result: NOTE
Package suggested but not available for checking: ‘rscala’
Flavor: r-patched-solaris-x86