CRAN Package Check Results for Package compboost

Last updated on 2019-05-21 05:48:56 CEST.

Flavor Version Tinstall Tcheck Ttotal Status Flags
r-devel-linux-x86_64-debian-clang 0.1.0 182.59 108.38 290.97 OK
r-devel-linux-x86_64-debian-gcc 0.1.0 161.15 83.20 244.35 OK
r-devel-linux-x86_64-fedora-clang 0.1.0 451.92 NOTE
r-devel-linux-x86_64-fedora-gcc 0.1.0 415.47 NOTE
r-devel-windows-ix86+x86_64 0.1.0 555.00 270.00 825.00 OK
r-patched-linux-x86_64 0.1.0 195.48 106.62 302.10 OK
r-patched-solaris-x86 0.1.0 410.20 NOTE
r-release-linux-x86_64 0.1.0 193.14 106.71 299.85 OK
r-release-windows-ix86+x86_64 0.1.0 602.00 278.00 880.00 OK
r-release-osx-x86_64 0.1.0 NOTE
r-oldrel-windows-ix86+x86_64 0.1.0 407.00 193.00 600.00 OK
r-oldrel-osx-x86_64 0.1.0 NOTE

Additional issues

clang-UBSAN gcc-UBSAN valgrind

Check Details

Version: 0.1.0
Check: installed package size
Result: NOTE
     installed size is 20.3Mb
     sub-directories of 1Mb or more:
     libs 19.8Mb
Flavors: r-devel-linux-x86_64-fedora-clang, r-release-osx-x86_64, r-oldrel-osx-x86_64

Version: 0.1.0
Check: dependencies in R code
Result: NOTE
    Namespaces in Imports field not imported from:
     ‘R6’ ‘checkmate’ ‘methods’
     All declared Imports should be used.
Flavors: r-devel-linux-x86_64-fedora-clang, r-devel-linux-x86_64-fedora-gcc, r-patched-solaris-x86, r-release-osx-x86_64, r-oldrel-osx-x86_64