CRAN Package Check Results for Package compboost

Last updated on 2019-03-22 23:52:52 CET.

Flavor Version Tinstall Tcheck Ttotal Status Flags
r-devel-linux-x86_64-debian-clang 0.1.0 181.38 109.13 290.51 OK
r-devel-linux-x86_64-debian-gcc 0.1.0 160.60 82.32 242.92 OK
r-devel-linux-x86_64-fedora-clang 0.1.0 445.31 NOTE
r-devel-linux-x86_64-fedora-gcc 0.1.0 382.32 NOTE
r-devel-windows-ix86+x86_64 0.1.0 547.00 260.00 807.00 OK
r-patched-linux-x86_64 0.1.0 192.15 102.17 294.32 OK
r-patched-solaris-x86 0.1.0 468.30 NOTE
r-release-linux-x86_64 0.1.0 193.67 101.81 295.48 OK
r-release-windows-ix86+x86_64 0.1.0 443.00 207.00 650.00 OK
r-release-osx-x86_64 0.1.0 NOTE
r-oldrel-windows-ix86+x86_64 0.1.0 448.00 296.00 744.00 OK
r-oldrel-osx-x86_64 0.1.0 NOTE

Additional issues

clang-UBSAN gcc-UBSAN valgrind

Check Details

Version: 0.1.0
Check: installed package size
Result: NOTE
     installed size is 22.7Mb
     sub-directories of 1Mb or more:
     libs 22.2Mb
Flavors: r-devel-linux-x86_64-fedora-clang, r-release-osx-x86_64, r-oldrel-osx-x86_64

Version: 0.1.0
Check: dependencies in R code
Result: NOTE
    Namespaces in Imports field not imported from:
     ‘R6’ ‘checkmate’ ‘methods’
     All declared Imports should be used.
Flavors: r-devel-linux-x86_64-fedora-clang, r-devel-linux-x86_64-fedora-gcc, r-patched-solaris-x86, r-release-osx-x86_64, r-oldrel-osx-x86_64