Last updated on 2024-08-16 11:49:37 CEST.
Flavor | Version | Tinstall | Tcheck | Ttotal | Status | Flags |
---|---|---|---|---|---|---|
r-devel-linux-x86_64-debian-clang | 0.1.1 | 12.73 | 69.27 | 82.00 | NOTE | |
r-devel-linux-x86_64-debian-gcc | 0.1.1 | 9.84 | 48.85 | 58.69 | NOTE | |
r-devel-linux-x86_64-fedora-clang | 0.1.1 | 134.37 | NOTE | |||
r-devel-linux-x86_64-fedora-gcc | 0.1.1 | 142.28 | NOTE | |||
r-devel-windows-x86_64 | 0.1.1 | 18.00 | 100.00 | 118.00 | NOTE | |
r-patched-linux-x86_64 | 0.1.1 | 12.45 | 64.33 | 76.78 | NOTE | |
r-release-linux-x86_64 | 0.1.1 | 14.29 | 64.61 | 78.90 | NOTE | |
r-release-macos-arm64 | 0.1.1 | 53.00 | NOTE | |||
r-release-macos-x86_64 | 0.1.1 | 89.00 | NOTE | |||
r-release-windows-x86_64 | 0.1.1 | 18.00 | 101.00 | 119.00 | NOTE | |
r-oldrel-macos-arm64 | 0.1.1 | 53.00 | OK | |||
r-oldrel-macos-x86_64 | 0.1.1 | 86.00 | OK | |||
r-oldrel-windows-x86_64 | 0.1.1 | 22.00 | 117.00 | 139.00 | OK |
Version: 0.1.1
Check: Rd files
Result: NOTE
checkRd: (-1) keener.Rd:82: Lost braces; missing escapes or markup?
82 | a_{ij} = (S_ij + 1) / (S_ij + S_ji + 2). This step should make comparing
| ^
Flavors: r-devel-linux-x86_64-debian-clang, r-devel-linux-x86_64-debian-gcc, r-devel-linux-x86_64-fedora-clang, r-devel-linux-x86_64-fedora-gcc, r-devel-windows-x86_64, r-patched-linux-x86_64, r-release-linux-x86_64, r-release-macos-arm64, r-release-macos-x86_64, r-release-windows-x86_64