Last updated on 2024-08-16 11:49:37 CEST.
Flavor | Version | Tinstall | Tcheck | Ttotal | Status | Flags |
---|---|---|---|---|---|---|
r-devel-linux-x86_64-debian-clang | 1.0.6 | 463.90 | 177.37 | 641.27 | NOTE | |
r-devel-linux-x86_64-debian-gcc | 1.0.6 | 422.45 | 167.46 | 589.91 | NOTE | |
r-devel-linux-x86_64-fedora-clang | 1.0.6 | 1003.30 | NOTE | |||
r-devel-linux-x86_64-fedora-gcc | 1.0.6 | 1415.25 | NOTE | |||
r-devel-windows-x86_64 | 1.0.6 | 442.00 | 227.00 | 669.00 | NOTE | |
r-patched-linux-x86_64 | 1.0.6 | 555.96 | 216.73 | 772.69 | NOTE | |
r-release-linux-x86_64 | 1.0.6 | 558.42 | 219.93 | 778.35 | NOTE | |
r-release-macos-arm64 | 1.0.6 | 242.00 | NOTE | |||
r-release-macos-x86_64 | 1.0.6 | 256.00 | NOTE | |||
r-release-windows-x86_64 | 1.0.6 | 453.00 | 226.00 | 679.00 | NOTE | |
r-oldrel-macos-arm64 | 1.0.6 | 231.00 | NOTE | |||
r-oldrel-macos-x86_64 | 1.0.6 | 290.00 | NOTE | |||
r-oldrel-windows-x86_64 | 1.0.6 | 597.00 | 275.00 | 872.00 | NOTE |
Version: 1.0.6
Check: for GNU extensions in Makefiles
Result: NOTE
GNU make is a SystemRequirements.
Flavors: r-devel-linux-x86_64-debian-clang, r-devel-linux-x86_64-debian-gcc, r-devel-linux-x86_64-fedora-clang, r-devel-linux-x86_64-fedora-gcc, r-devel-windows-x86_64, r-patched-linux-x86_64, r-release-linux-x86_64, r-release-macos-arm64, r-release-macos-x86_64, r-release-windows-x86_64, r-oldrel-macos-arm64, r-oldrel-macos-x86_64, r-oldrel-windows-x86_64
Version: 1.0.6
Check: installed package size
Result: NOTE
installed size is 6.2Mb
sub-directories of 1Mb or more:
libs 5.0Mb
Flavors: r-devel-linux-x86_64-fedora-clang, r-devel-windows-x86_64, r-release-macos-arm64, r-release-macos-x86_64, r-release-windows-x86_64, r-oldrel-macos-arm64, r-oldrel-macos-x86_64, r-oldrel-windows-x86_64