Last updated on 2024-04-24 06:19:10 CEST.
Flavor | Version | Tinstall | Tcheck | Ttotal | Status | Flags |
---|---|---|---|---|---|---|
r-devel-linux-x86_64-debian-clang | 1.2-3.1 | 7.50 | 89.57 | 97.07 | NOTE | |
r-devel-linux-x86_64-debian-gcc | 1.2-3.1 | 7.84 | 67.44 | 75.28 | NOTE | |
r-devel-linux-x86_64-fedora-clang | 1.2-3.1 | 126.77 | NOTE | |||
r-devel-linux-x86_64-fedora-gcc | 1.2-3.1 | 153.83 | NOTE | |||
r-prerel-macos-arm64 | 1.2-3.1 | 42.00 | NOTE | |||
r-prerel-windows-x86_64 | 1.2-3.1 | 8.00 | 94.00 | 102.00 | NOTE | |
r-patched-linux-x86_64 | 1.2-3.1 | 10.86 | 87.38 | 98.24 | NOTE | |
r-release-linux-x86_64 | 1.2-3.1 | 7.86 | 87.31 | 95.17 | NOTE | |
r-release-macos-arm64 | 1.2-3.1 | 47.00 | NOTE | |||
r-release-macos-x86_64 | 1.2-3.1 | 79.00 | NOTE | |||
r-release-windows-x86_64 | 1.2-3.1 | 11.00 | 105.00 | 116.00 | NOTE | |
r-oldrel-macos-arm64 | 1.2-3.1 | 42.00 | OK | |||
r-oldrel-windows-x86_64 | 1.2-3.1 | 12.00 | 106.00 | 118.00 | OK |
Version: 1.2-3.1
Check: Rd files
Result: NOTE
checkRd: (-1) babies.Rd:35: Escaped LaTeX specials: \&
Flavors: r-devel-linux-x86_64-debian-clang, r-devel-linux-x86_64-debian-gcc, r-devel-linux-x86_64-fedora-clang, r-devel-linux-x86_64-fedora-gcc, r-prerel-macos-arm64, r-prerel-windows-x86_64, r-patched-linux-x86_64, r-release-linux-x86_64, r-release-macos-arm64, r-release-macos-x86_64, r-release-windows-x86_64