CRAN Package Check Results for Package condSURV

Last updated on 2022-10-07 11:52:16 CEST.

Flavor Version Tinstall Tcheck Ttotal Status Flags
r-devel-linux-x86_64-debian-clang 2.0.2 16.05 101.13 117.18 OK
r-devel-linux-x86_64-debian-gcc 2.0.2 12.07 74.51 86.58 NOTE
r-devel-linux-x86_64-fedora-clang 2.0.2 155.63 WARN
r-devel-linux-x86_64-fedora-gcc 2.0.2 143.76 OK
r-devel-windows-x86_64 2.0.2 26.00 125.00 151.00 OK
r-patched-linux-x86_64 2.0.2 14.21 94.40 108.61 OK
r-release-linux-x86_64 2.0.2 10.97 94.79 105.76 OK
r-release-macos-arm64 2.0.2 47.00 OK
r-release-macos-x86_64 2.0.2 62.00 OK
r-release-windows-x86_64 2.0.2 27.00 129.00 156.00 OK
r-oldrel-macos-arm64 2.0.2 38.00 OK
r-oldrel-macos-x86_64 2.0.2 55.00 OK
r-oldrel-windows-ix86+x86_64 2.0.2 31.00 156.00 187.00 OK

Additional issues

clang15 clang15

Check Details

Version: 2.0.2
Check: compilation flags used
Result: NOTE
    Compilation used the following non-portable flag(s):
     ‘-Wstrict-prototypes’
Flavor: r-devel-linux-x86_64-debian-gcc

Version: 2.0.2
Check: whether package can be installed
Result: WARN
    Found the following significant warnings:
     survivalBIV.c:8:11: warning: invalid UTF-8 in comment [-Winvalid-utf8]
     survivalBIV.c:34:11: warning: invalid UTF-8 in comment [-Winvalid-utf8]
     survivalBIV.c:80:11: warning: invalid UTF-8 in comment [-Winvalid-utf8]
     survivalBIV.c:131:11: warning: invalid UTF-8 in comment [-Winvalid-utf8]
     survivalBIV.c:182:11: warning: invalid UTF-8 in comment [-Winvalid-utf8]
     survivalBIV.c:228:11: warning: invalid UTF-8 in comment [-Winvalid-utf8]
     survivalBIV.c:279:11: warning: invalid UTF-8 in comment [-Winvalid-utf8]
     survivalBIV.c:325:11: warning: invalid UTF-8 in comment [-Winvalid-utf8]
     survivalBIV.c:351:11: warning: invalid UTF-8 in comment [-Winvalid-utf8]
     survivalBIV.c:391:11: warning: invalid UTF-8 in comment [-Winvalid-utf8]
     survivalBIV.c:437:11: warning: invalid UTF-8 in comment [-Winvalid-utf8]
     survivalBIV.c:479:11: warning: invalid UTF-8 in comment [-Winvalid-utf8]
     survivalBIV.c:530:11: warning: invalid UTF-8 in comment [-Winvalid-utf8]
     survivalBIV.c:581:11: warning: invalid UTF-8 in comment [-Winvalid-utf8]
     survivalBIV.c:630:11: warning: invalid UTF-8 in comment [-Winvalid-utf8]
     survivalBIV.c:679:11: warning: invalid UTF-8 in comment [-Winvalid-utf8]
     survivalBIV.c:724:11: warning: invalid UTF-8 in comment [-Winvalid-utf8]
     survivalBIV.c:769:11: warning: invalid UTF-8 in comment [-Winvalid-utf8]
     survivalBIV.c:812:11: warning: invalid UTF-8 in comment [-Winvalid-utf8]
     survivalBIV.c:850:11: warning: invalid UTF-8 in comment [-Winvalid-utf8]
     survivalBIV.c:901:11: warning: invalid UTF-8 in comment [-Winvalid-utf8]
     survivalBIV.c:943:11: warning: invalid UTF-8 in comment [-Winvalid-utf8]
     survivalBIV.c:996:11: warning: invalid UTF-8 in comment [-Winvalid-utf8]
     survivalBIV.c:1038:11: warning: invalid UTF-8 in comment [-Winvalid-utf8]
     survivalBIV.c:1105:11: warning: invalid UTF-8 in comment [-Winvalid-utf8]
     survivalBIV.c:1152:11: warning: invalid UTF-8 in comment [-Winvalid-utf8]
     survivalBIV.c:1189:11: warning: invalid UTF-8 in comment [-Winvalid-utf8]
     survivalBIV.c:1227:11: warning: invalid UTF-8 in comment [-Winvalid-utf8]
     survivalBIV.c:1264:11: warning: invalid UTF-8 in comment [-Winvalid-utf8]
     survivalBIV.c:1302:11: warning: invalid UTF-8 in comment [-Winvalid-utf8]
     survivalBIV.c:1371:11: warning: invalid UTF-8 in comment [-Winvalid-utf8]
     survivalBIV.c:1410:11: warning: invalid UTF-8 in comment [-Winvalid-utf8]
     survivalBIV.c:1458:11: warning: invalid UTF-8 in comment [-Winvalid-utf8]
     survivalBIV.c:1536:11: warning: invalid UTF-8 in comment [-Winvalid-utf8]
     survivalBIV.c:1575:11: warning: invalid UTF-8 in comment [-Winvalid-utf8]
     survivalBIV.c:1623:11: warning: invalid UTF-8 in comment [-Winvalid-utf8]
     survivalBIV.c:1667:11: warning: invalid UTF-8 in comment [-Winvalid-utf8]
     survivalBIV.c:1711:11: warning: invalid UTF-8 in comment [-Winvalid-utf8]
     survivalBIV.c:1768:11: warning: invalid UTF-8 in comment [-Winvalid-utf8]
     survivalBIV.c:1825:11: warning: invalid UTF-8 in comment [-Winvalid-utf8]
     survivalBIV.c:1879:11: warning: invalid UTF-8 in comment [-Winvalid-utf8]
     survivalBIV.c:1926:11: warning: invalid UTF-8 in comment [-Winvalid-utf8]
     survivalBIV.c:1973:11: warning: invalid UTF-8 in comment [-Winvalid-utf8]
Flavor: r-devel-linux-x86_64-fedora-clang