CRAN Package Check Results for Package condformat

Last updated on 2022-06-30 17:49:42 CEST.

Flavor Version Tinstall Tcheck Ttotal Status Flags
r-devel-linux-x86_64-debian-clang 0.9.0 4.60 63.88 68.48 NOTE
r-devel-linux-x86_64-debian-gcc 0.9.0 4.27 48.10 52.37 NOTE
r-devel-linux-x86_64-fedora-clang 0.9.0 93.40 NOTE
r-devel-linux-x86_64-fedora-gcc 0.9.0 91.74 NOTE
r-devel-windows-x86_64 0.9.0 51.00 93.00 144.00 NOTE
r-patched-linux-x86_64 0.9.0 5.07 60.32 65.39 NOTE
r-release-linux-x86_64 0.9.0 5.54 61.58 67.12 NOTE
r-release-macos-arm64 0.9.0 27.00 NOTE
r-release-macos-x86_64 0.9.0 53.00 NOTE
r-release-windows-x86_64 0.9.0 58.00 97.00 155.00 NOTE
r-oldrel-macos-arm64 0.9.0 34.00 NOTE
r-oldrel-macos-x86_64 0.9.0 52.00 NOTE
r-oldrel-windows-ix86+x86_64 0.9.0 13.00 88.00 101.00 NOTE

Check Details

Version: 0.9.0
Check: LazyData
Result: NOTE
     'LazyData' is specified without a 'data' directory
Flavors: r-devel-linux-x86_64-debian-clang, r-devel-linux-x86_64-debian-gcc, r-devel-linux-x86_64-fedora-clang, r-devel-linux-x86_64-fedora-gcc, r-devel-windows-x86_64, r-patched-linux-x86_64, r-release-linux-x86_64, r-release-macos-arm64, r-release-macos-x86_64, r-release-windows-x86_64, r-oldrel-macos-arm64, r-oldrel-macos-x86_64, r-oldrel-windows-ix86+x86_64