CRAN Package Check Results for Package coneproj

Last updated on 2019-03-23 17:47:42 CET.

Flavor Version Tinstall Tcheck Ttotal Status Flags
r-devel-linux-x86_64-debian-clang 1.14 23.31 30.92 54.23 OK
r-devel-linux-x86_64-debian-gcc 1.14 19.04 25.35 44.39 OK
r-devel-linux-x86_64-fedora-clang 1.14 75.55 OK
r-devel-linux-x86_64-fedora-gcc 1.14 68.66 OK
r-devel-windows-ix86+x86_64 1.14 73.00 88.00 161.00 OK
r-patched-linux-x86_64 1.14 20.70 27.89 48.59 OK
r-patched-solaris-x86 1.14 77.50 OK
r-release-linux-x86_64 1.14 0.34 2.09 2.43 ERROR
r-release-windows-ix86+x86_64 1.14 49.00 61.00 110.00 OK
r-release-osx-x86_64 1.14 OK
r-oldrel-windows-ix86+x86_64 1.14 48.00 87.00 135.00 OK
r-oldrel-osx-x86_64 1.14 OK

Check Details

Version: 1.14
Check: whether package can be installed
Result: ERROR
    Installation failed.
Flavor: r-release-linux-x86_64