CRAN Package Check Results for Package conflr

Last updated on 2024-02-29 18:20:17 CET.

Flavor Version Tinstall Tcheck Ttotal Status Flags
r-devel-linux-x86_64-debian-clang 0.1.1 3.64 35.60 39.24 NOTE
r-devel-linux-x86_64-debian-gcc 0.1.1 3.45 27.83 31.28 NOTE
r-devel-linux-x86_64-fedora-clang 0.1.1 50.56 NOTE
r-devel-linux-x86_64-fedora-gcc 0.1.1 73.53 NOTE
r-devel-windows-x86_64 0.1.1 5.00 57.00 62.00 NOTE
r-patched-linux-x86_64 0.1.1 3.63 35.04 38.67 NOTE
r-release-linux-x86_64 0.1.1 5.05 35.84 40.89 NOTE
r-release-macos-arm64 0.1.1 48.00 NOTE
r-release-macos-x86_64 0.1.1 52.00 NOTE
r-release-windows-x86_64 0.1.1 7.00 58.00 65.00 NOTE
r-oldrel-macos-arm64 0.1.1 47.00 NOTE
r-oldrel-windows-x86_64 0.1.1 7.00 62.00 69.00 NOTE

Check Details

Version: 0.1.1
Check: LazyData
Result: NOTE 'LazyData' is specified without a 'data' directory Flavors: r-devel-linux-x86_64-debian-clang, r-devel-linux-x86_64-debian-gcc, r-devel-linux-x86_64-fedora-clang, r-devel-linux-x86_64-fedora-gcc, r-devel-windows-x86_64, r-patched-linux-x86_64, r-release-linux-x86_64, r-release-macos-arm64, r-release-macos-x86_64, r-release-windows-x86_64, r-oldrel-macos-arm64, r-oldrel-windows-x86_64

Version: 0.1.1
Check: dependencies in R code
Result: NOTE Namespace in Imports field not imported from: ‘R6’ All declared Imports should be used. Flavors: r-devel-linux-x86_64-fedora-clang, r-devel-linux-x86_64-fedora-gcc, r-oldrel-macos-arm64