CRAN Package Check Results for Package conleyreg

Last updated on 2021-12-08 23:49:13 CET.

Flavor Version Tinstall Tcheck Ttotal Status Flags
r-devel-linux-x86_64-debian-clang 0.1.5 211.74 90.28 302.02 OK
r-devel-linux-x86_64-debian-gcc 0.1.5 151.91 68.02 219.93 OK
r-devel-linux-x86_64-fedora-clang 0.1.5 458.67 NOTE
r-devel-linux-x86_64-fedora-gcc 0.1.5 398.52 NOTE
r-devel-windows-x86_64-new-UL 0.1.5 265.00 147.00 412.00 OK
r-devel-windows-x86_64-new-TK 0.1.5 NOTE
r-devel-windows-x86_64-old 0.1.5 263.00 116.00 379.00 OK
r-patched-linux-x86_64 0.1.5 179.94 84.01 263.95 OK
r-release-linux-x86_64 0.1.5 181.94 84.52 266.46 OK
r-release-macos-arm64 0.1.5 ERROR
r-release-macos-x86_64 0.1.5 ERROR
r-release-windows-ix86+x86_64 0.1.5 499.00 140.00 639.00 OK
r-oldrel-macos-x86_64 0.1.5 ERROR
r-oldrel-windows-ix86+x86_64 0.1.5 399.00 143.00 542.00 WARN

Additional issues

M1mac M1mac noOMP noOMP

Check Details

Version: 0.1.5
Check: installed package size
Result: NOTE
     installed size is 9.8Mb
     sub-directories of 1Mb or more:
     libs 9.3Mb
Flavor: r-devel-linux-x86_64-fedora-clang

Version: 0.1.5
Check: dependencies in R code
Result: NOTE
    Namespaces in Imports field not imported from:
     ‘base’ ‘lwgeom’ ‘s2’
     All declared Imports should be used.
Flavors: r-devel-linux-x86_64-fedora-clang, r-devel-linux-x86_64-fedora-gcc, r-devel-windows-x86_64-new-TK

Version: 0.1.5
Check: whether package can be installed
Result: ERROR
    Installation failed.
Flavors: r-release-macos-arm64, r-release-macos-x86_64, r-oldrel-macos-x86_64

Version: 0.1.5
Check: for unstated dependencies in examples
Result: WARN
    Warning: parse error in file 'lines':
    67: unexpected '>'
    42: # Estimate same model with an sf object of another projection as input
    43: data <- sf::st_as_sf(data, coords = c("lon", "lat"), crs = 4326) |>
     ^
Flavor: r-oldrel-windows-ix86+x86_64