Last updated on 2023-10-03 18:04:58 CEST.
Flavor | Version | Tinstall | Tcheck | Ttotal | Status | Flags |
---|---|---|---|---|---|---|
r-devel-linux-x86_64-debian-clang | 1.3.3 | 223.93 | 88.00 | 311.93 | OK | |
r-devel-linux-x86_64-debian-gcc | 1.3.3 | 153.14 | 69.97 | 223.11 | OK | |
r-devel-linux-x86_64-fedora-clang | 1.3.3 | 424.95 | OK | |||
r-devel-linux-x86_64-fedora-gcc | 1.3.3 | 443.22 | OK | |||
r-devel-windows-x86_64 | 1.3.3 | 145.00 | 109.00 | 254.00 | OK | |
r-patched-linux-x86_64 | 1.3.3 | 197.71 | 89.16 | 286.87 | OK | |
r-release-linux-x86_64 | 1.3.3 | 218.32 | 85.10 | 303.42 | OK | |
r-release-macos-arm64 | 1.3.3 | 113.00 | NOTE | |||
r-release-macos-x86_64 | 1.3.3 | 203.00 | NOTE | |||
r-release-windows-x86_64 | 1.3.3 | 199.00 | 128.00 | 327.00 | OK | |
r-oldrel-macos-arm64 | 1.3.3 | 118.00 | NOTE | |||
r-oldrel-macos-x86_64 | 1.3.3 | 127.00 | NOTE | |||
r-oldrel-windows-x86_64 | 1.3.3 | 188.00 | 121.00 | 309.00 | OK |
Version: 1.3.3
Check: installed package size
Result: NOTE
installed size is 20.1Mb
sub-directories of 1Mb or more:
libs 19.9Mb
Flavors: r-release-macos-arm64, r-release-macos-x86_64, r-oldrel-macos-arm64, r-oldrel-macos-x86_64