CRAN Package Check Results for Package conquestr

Last updated on 2020-08-05 11:47:32 CEST.

Flavor Version Tinstall Tcheck Ttotal Status Flags
r-devel-linux-x86_64-debian-clang 0.5.1 18.87 35.89 54.76 OK
r-devel-linux-x86_64-debian-gcc 0.5.1 15.67 27.65 43.32 OK
r-devel-linux-x86_64-fedora-clang 0.5.1 79.22 NOTE
r-devel-linux-x86_64-fedora-gcc 0.5.1 67.65 NOTE
r-devel-windows-ix86+x86_64 0.5.1 57.00 93.00 150.00 OK
r-patched-linux-x86_64 0.5.1 17.45 35.61 53.06 OK
r-patched-solaris-x86 0.5.1 83.40 NOTE
r-release-linux-x86_64 0.5.1 18.30 35.41 53.71 OK
r-release-macos-x86_64 0.5.1 NOTE
r-release-windows-ix86+x86_64 0.5.1 59.00 71.00 130.00 OK
r-oldrel-macos-x86_64 0.5.1 NOTE
r-oldrel-windows-ix86+x86_64 0.5.1 38.00 61.00 99.00 OK

Check Details

Version: 0.5.1
Check: dependencies in R code
Result: NOTE
    Namespace in Imports field not imported from: ‘reshape’
     All declared Imports should be used.
Flavors: r-devel-linux-x86_64-fedora-clang, r-devel-linux-x86_64-fedora-gcc, r-patched-solaris-x86, r-release-macos-x86_64, r-oldrel-macos-x86_64