Last updated on 2023-09-28 11:55:28 CEST.
Flavor | Version | Tinstall | Tcheck | Ttotal | Status | Flags |
---|---|---|---|---|---|---|
r-devel-linux-x86_64-debian-clang | 1.0.7 | 30.36 | 177.70 | 208.06 | NOTE | |
r-devel-linux-x86_64-debian-gcc | 1.0.7 | 23.10 | 123.80 | 146.90 | NOTE | |
r-devel-linux-x86_64-fedora-clang | 1.0.7 | 256.87 | NOTE | |||
r-devel-linux-x86_64-fedora-gcc | 1.0.7 | 273.08 | NOTE | |||
r-devel-windows-x86_64 | 1.0.7 | 29.00 | 175.00 | 204.00 | NOTE | |
r-patched-linux-x86_64 | 1.0.7 | 22.59 | 164.69 | 187.28 | OK | |
r-release-linux-x86_64 | 1.0.7 | 27.27 | 165.63 | 192.90 | OK | |
r-release-macos-arm64 | 1.0.7 | 80.00 | OK | |||
r-release-macos-x86_64 | 1.0.7 | 128.00 | OK | |||
r-release-windows-x86_64 | 1.0.7 | 39.00 | 207.00 | 246.00 | OK | |
r-oldrel-macos-arm64 | 1.0.7 | 77.00 | OK | |||
r-oldrel-macos-x86_64 | 1.0.7 | 84.00 | OK | |||
r-oldrel-windows-x86_64 | 1.0.7 | 37.00 | 185.00 | 222.00 | OK |
Version: 1.0.7
Check: Rd \usage sections
Result: NOTE
Documented arguments not in \usage in documentation object 'postProcessSys':
‘myFile’
Documented arguments not in \usage in documentation object 'theta_ll':
‘params’
Functions with \usage entries need to have the appropriate \alias
entries, and all their arguments documented.
The \usage entries must correspond to syntactically valid R code.
See chapter ‘Writing R documentation files’ in the ‘Writing R
Extensions’ manual.
Flavors: r-devel-linux-x86_64-debian-clang, r-devel-linux-x86_64-debian-gcc, r-devel-linux-x86_64-fedora-clang, r-devel-linux-x86_64-fedora-gcc, r-devel-windows-x86_64