Last updated on 2024-03-28 11:53:23 CET.
Flavor | Version | Tinstall | Tcheck | Ttotal | Status | Flags |
---|---|---|---|---|---|---|
r-devel-linux-x86_64-debian-clang | 1.0.4 | 7.72 | 63.12 | 70.84 | OK | |
r-devel-linux-x86_64-debian-gcc | 1.0.4 | 5.79 | 46.22 | 52.01 | OK | |
r-devel-linux-x86_64-fedora-clang | 1.0.4 | 85.75 | NOTE | |||
r-devel-linux-x86_64-fedora-gcc | 1.0.4 | 84.90 | NOTE | |||
r-devel-windows-x86_64 | 1.0.4 | 8.00 | 65.00 | 73.00 | OK | |
r-patched-linux-x86_64 | 1.0.4 | 5.66 | 60.18 | 65.84 | OK | |
r-release-linux-x86_64 | 1.0.4 | 6.78 | 59.46 | 66.24 | OK | |
r-release-macos-arm64 | 1.0.4 | 33.00 | OK | |||
r-release-macos-x86_64 | 1.0.4 | 43.00 | OK | |||
r-release-windows-x86_64 | 1.0.4 | 10.00 | 73.00 | 83.00 | OK | |
r-oldrel-macos-arm64 | 1.0.4 | 29.00 | NOTE | |||
r-oldrel-windows-x86_64 | 1.0.4 | 11.00 | 79.00 | 90.00 | OK |
Version: 1.0.4
Check: dependencies in R code
Result: NOTE
Namespaces in Imports field not imported from:
‘scales’ ‘sna’
All declared Imports should be used.
Flavors: r-devel-linux-x86_64-fedora-clang, r-devel-linux-x86_64-fedora-gcc, r-oldrel-macos-arm64
Version: 1.0.4
Check: data for non-ASCII characters
Result: NOTE
Note: found 244 marked UTF-8 strings
Flavors: r-devel-linux-x86_64-fedora-clang, r-devel-linux-x86_64-fedora-gcc, r-oldrel-macos-arm64