Last updated on 2024-08-16 11:49:37 CEST.
Flavor | Version | Tinstall | Tcheck | Ttotal | Status | Flags |
---|---|---|---|---|---|---|
r-devel-linux-x86_64-debian-clang | 1.0.1 | 11.43 | 105.38 | 116.81 | OK | |
r-devel-linux-x86_64-debian-gcc | 1.0.1 | 7.71 | 68.20 | 75.91 | OK | |
r-devel-linux-x86_64-fedora-clang | 1.0.1 | 188.15 | OK | |||
r-devel-linux-x86_64-fedora-gcc | 1.0.1 | 188.67 | OK | |||
r-devel-windows-x86_64 | 1.0.1 | 16.00 | 120.00 | 136.00 | OK | |
r-patched-linux-x86_64 | 1.0.1 | 11.33 | 97.99 | 109.32 | OK | |
r-release-linux-x86_64 | 1.0.1 | 11.16 | 100.39 | 111.55 | OK | |
r-release-macos-arm64 | 1.0.1 | 63.00 | OK | |||
r-release-macos-x86_64 | 1.0.1 | 168.00 | OK | |||
r-release-windows-x86_64 | 1.0.1 | 16.00 | 118.00 | 134.00 | OK | |
r-oldrel-macos-arm64 | 1.0.1 | 66.00 | ERROR | |||
r-oldrel-macos-x86_64 | 1.0.1 | 135.00 | ERROR | |||
r-oldrel-windows-x86_64 | 1.0.1 | 19.00 | 146.00 | 165.00 | OK |
Version: 1.0.1
Check: running R code from vignettes
Result: ERROR
Errors in running code in vignettes:
when running code in ‘extend-constructive.Rmd’
...
> x <- structure("12345", class = "Date")
> x
[1] "2003-10-20"
> x + 1
When sourcing ‘extend-constructive.R’:
Error: non-numeric argument to binary operator
Execution halted
‘extend-constructive.Rmd’ using ‘UTF-8’... failed
Flavors: r-oldrel-macos-arm64, r-oldrel-macos-x86_64