Last updated on 2024-08-31 23:49:01 CEST.
Flavor | Version | Tinstall | Tcheck | Ttotal | Status | Flags |
---|---|---|---|---|---|---|
r-devel-linux-x86_64-debian-clang | 1.0 | 3.34 | 32.61 | 35.95 | OK | |
r-devel-linux-x86_64-debian-gcc | 1.0 | 2.57 | 23.62 | 26.19 | OK | |
r-devel-linux-x86_64-fedora-clang | 1.0 | 57.39 | NOTE | |||
r-devel-linux-x86_64-fedora-gcc | 1.0 | 56.17 | OK | |||
r-devel-windows-x86_64 | 1.0 | 4.00 | 48.00 | 52.00 | OK | |
r-patched-linux-x86_64 | 1.0 | 3.41 | 30.73 | 34.14 | OK | |
r-release-linux-x86_64 | 1.0 | 3.61 | 31.09 | 34.70 | OK | |
r-release-macos-arm64 | 1.0 | 20.00 | OK | |||
r-release-macos-x86_64 | 1.0 | 53.00 | OK | |||
r-release-windows-x86_64 | 1.0 | 4.00 | 50.00 | 54.00 | OK | |
r-oldrel-macos-arm64 | 1.0 | 33.00 | OK | |||
r-oldrel-macos-x86_64 | 1.0 | 43.00 | OK | |||
r-oldrel-windows-x86_64 | 1.0 | 4.00 | 53.00 | 57.00 | OK |
Version: 1.0
Check: Rd cross-references
Result: NOTE
Undeclared package ‘oce’ in Rd xrefs
Flavor: r-devel-linux-x86_64-fedora-clang