Last updated on 2023-03-23 17:52:12 CET.
Flavor | Version | Tinstall | Tcheck | Ttotal | Status | Flags |
---|---|---|---|---|---|---|
r-devel-linux-x86_64-debian-clang | 3.2.1 | 3.94 | 222.00 | 225.94 | NOTE | |
r-devel-linux-x86_64-debian-gcc | 3.2.1 | 3.64 | 164.04 | 167.68 | NOTE | |
r-devel-linux-x86_64-fedora-clang | 3.2.1 | 267.21 | NOTE | |||
r-devel-linux-x86_64-fedora-gcc | 3.2.1 | 273.62 | NOTE | |||
r-devel-windows-x86_64 | 3.2.1 | 6.00 | 174.00 | 180.00 | NOTE | |
r-patched-linux-x86_64 | 3.2.1 | 5.62 | 214.94 | 220.56 | NOTE | |
r-release-linux-x86_64 | 3.2.1 | 3.63 | 215.74 | 219.37 | NOTE | |
r-release-macos-arm64 | 3.2.1 | 75.00 | NOTE | |||
r-release-macos-x86_64 | 3.2.1 | 93.00 | NOTE | |||
r-release-windows-x86_64 | 3.2.1 | 28.00 | 215.00 | 243.00 | NOTE | |
r-oldrel-macos-arm64 | 3.2.1 | 114.00 | NOTE | |||
r-oldrel-macos-x86_64 | 3.2.1 | 114.00 | NOTE | |||
r-oldrel-windows-ix86+x86_64 | 3.2.1 | 12.00 | 165.00 | 177.00 | NOTE |
Version: 3.2.1
Check: LazyData
Result: NOTE
'LazyData' is specified without a 'data' directory
Flavors: r-devel-linux-x86_64-debian-clang, r-devel-linux-x86_64-debian-gcc, r-devel-linux-x86_64-fedora-clang, r-devel-linux-x86_64-fedora-gcc, r-devel-windows-x86_64, r-patched-linux-x86_64, r-release-linux-x86_64, r-release-macos-arm64, r-release-macos-x86_64, r-release-windows-x86_64, r-oldrel-macos-arm64, r-oldrel-macos-x86_64, r-oldrel-windows-ix86+x86_64