Last updated on 2024-03-28 11:53:23 CET.
Flavor | Version | Tinstall | Tcheck | Ttotal | Status | Flags |
---|---|---|---|---|---|---|
r-devel-linux-x86_64-debian-clang | 0.4.1 | 17.31 | 54.17 | 71.48 | OK | |
r-devel-linux-x86_64-debian-gcc | 0.4.1 | 14.90 | 42.72 | 57.62 | OK | |
r-devel-linux-x86_64-fedora-clang | 0.4.1 | 94.02 | NOTE | |||
r-devel-linux-x86_64-fedora-gcc | 0.4.1 | 102.85 | NOTE | |||
r-devel-windows-x86_64 | 0.4.1 | 16.00 | 63.00 | 79.00 | OK | |
r-patched-linux-x86_64 | 0.4.1 | 11.17 | 53.38 | 64.55 | OK | |
r-release-linux-x86_64 | 0.4.1 | 11.77 | 51.52 | 63.29 | OK | |
r-release-macos-arm64 | 0.4.1 | 44.00 | OK | |||
r-release-macos-x86_64 | 0.4.1 | 66.00 | OK | |||
r-release-windows-x86_64 | 0.4.1 | 20.00 | 66.00 | 86.00 | OK | |
r-oldrel-macos-arm64 | 0.4.1 | 32.00 | OK | |||
r-oldrel-windows-x86_64 | 0.4.1 | 20.00 | 74.00 | 94.00 | OK |
Version: 0.4.1
Check: dependencies in R code
Result: NOTE
Namespace in Imports field not imported from: ‘devtools’
All declared Imports should be used.
Flavors: r-devel-linux-x86_64-fedora-clang, r-devel-linux-x86_64-fedora-gcc