Last updated on 2023-09-28 05:56:44 CEST.
Flavor | Version | Tinstall | Tcheck | Ttotal | Status | Flags |
---|---|---|---|---|---|---|
r-devel-linux-x86_64-debian-clang | 1.2.0 | 6.37 | 57.13 | 63.50 | NOTE | |
r-devel-linux-x86_64-debian-gcc | 1.2.0 | 5.61 | 42.33 | 47.94 | NOTE | |
r-devel-linux-x86_64-fedora-clang | 1.2.0 | 77.38 | NOTE | |||
r-devel-linux-x86_64-fedora-gcc | 1.2.0 | 78.17 | NOTE | |||
r-devel-windows-x86_64 | 1.2.0 | 8.00 | 61.00 | 69.00 | NOTE | |
r-patched-linux-x86_64 | 1.2.0 | 13.93 | 53.98 | 67.91 | NOTE | |
r-release-linux-x86_64 | 1.2.0 | 4.25 | 52.64 | 56.89 | NOTE | |
r-release-macos-arm64 | 1.2.0 | 26.00 | NOTE | |||
r-release-macos-x86_64 | 1.2.0 | 42.00 | NOTE | |||
r-release-windows-x86_64 | 1.2.0 | 11.00 | 67.00 | 78.00 | NOTE | |
r-oldrel-macos-arm64 | 1.2.0 | 38.00 | NOTE | |||
r-oldrel-macos-x86_64 | 1.2.0 | 68.00 | NOTE | |||
r-oldrel-windows-x86_64 | 1.2.0 | 11.00 | 72.00 | 83.00 | NOTE |
Version: 1.2.0
Check: LazyData
Result: NOTE
'LazyData' is specified without a 'data' directory
Flavors: r-devel-linux-x86_64-debian-clang, r-devel-linux-x86_64-debian-gcc, r-devel-linux-x86_64-fedora-clang, r-devel-linux-x86_64-fedora-gcc, r-devel-windows-x86_64, r-patched-linux-x86_64, r-release-linux-x86_64, r-release-macos-arm64, r-release-macos-x86_64, r-release-windows-x86_64, r-oldrel-macos-arm64, r-oldrel-macos-x86_64, r-oldrel-windows-x86_64