CRAN Package Check Results for Package corrarray

Last updated on 2022-11-27 11:08:19 CET.

Flavor Version Tinstall Tcheck Ttotal Status Flags
r-devel-linux-x86_64-debian-clang 1.2.0 12.89 105.18 118.07 NOTE
r-devel-linux-x86_64-debian-gcc 1.2.0 10.36 78.96 89.32 NOTE
r-devel-linux-x86_64-fedora-clang 1.2.0 164.17 NOTE
r-devel-linux-x86_64-fedora-gcc 1.2.0 172.67 NOTE
r-devel-windows-x86_64 1.2.0 13.00 131.00 144.00 NOTE
r-patched-linux-x86_64 1.2.0 14.04 98.86 112.90 NOTE
r-release-linux-x86_64 1.2.0 7.92 99.54 107.46 NOTE
r-release-macos-arm64 1.2.0 38.00 NOTE
r-release-macos-x86_64 1.2.0 68.00 NOTE
r-release-windows-x86_64 1.2.0 17.00 125.00 142.00 NOTE
r-oldrel-macos-arm64 1.2.0 44.00 NOTE
r-oldrel-macos-x86_64 1.2.0 69.00 NOTE
r-oldrel-windows-ix86+x86_64 1.2.0 30.00 126.00 156.00 NOTE

Check Details

Version: 1.2.0
Check: LazyData
Result: NOTE
     'LazyData' is specified without a 'data' directory
Flavors: r-devel-linux-x86_64-debian-clang, r-devel-linux-x86_64-debian-gcc, r-devel-linux-x86_64-fedora-clang, r-devel-linux-x86_64-fedora-gcc, r-devel-windows-x86_64, r-patched-linux-x86_64, r-release-linux-x86_64, r-release-macos-arm64, r-release-macos-x86_64, r-release-windows-x86_64, r-oldrel-macos-arm64, r-oldrel-macos-x86_64, r-oldrel-windows-ix86+x86_64