CRAN Package Check Results for Package corregp

Last updated on 2022-01-24 06:48:47 CET.

Flavor Version Tinstall Tcheck Ttotal Status Flags
r-devel-linux-x86_64-debian-clang 2.0.2 7.80 76.46 84.26 OK
r-devel-linux-x86_64-debian-gcc 2.0.2 5.88 57.37 63.25 OK
r-devel-linux-x86_64-fedora-clang 2.0.2 98.23 NOTE
r-devel-linux-x86_64-fedora-gcc 2.0.2 86.53 NOTE
r-devel-windows-x86_64-new-UL 2.0.2 36.00 103.00 139.00 OK
r-devel-windows-x86_64-new-TK 2.0.2 NOTE
r-patched-linux-x86_64 2.0.2 8.99 70.73 79.72 OK
r-release-linux-x86_64 2.0.2 5.08 69.86 74.94 OK
r-release-macos-arm64 2.0.2 NOTE
r-release-macos-x86_64 2.0.2 NOTE
r-release-windows-ix86+x86_64 2.0.2 16.00 82.00 98.00 OK
r-oldrel-macos-x86_64 2.0.2 NOTE
r-oldrel-windows-ix86+x86_64 2.0.2 14.00 80.00 94.00 OK

Check Details

Version: 2.0.2
Check: data for non-ASCII characters
Result: NOTE
     Note: found 2 marked Latin-1 strings
Flavors: r-devel-linux-x86_64-fedora-clang, r-devel-linux-x86_64-fedora-gcc, r-devel-windows-x86_64-new-TK, r-release-macos-arm64, r-release-macos-x86_64, r-oldrel-macos-x86_64