Last updated on 2023-10-03 01:04:48 CEST.
Flavor | Version | Tinstall | Tcheck | Ttotal | Status | Flags |
---|---|---|---|---|---|---|
r-devel-linux-x86_64-debian-clang | 1.2.2 | 7.08 | 62.24 | 69.32 | OK | |
r-devel-linux-x86_64-debian-gcc | 1.2.2 | 5.81 | 45.76 | 51.57 | OK | |
r-devel-linux-x86_64-fedora-clang | 1.2.2 | 82.03 | NOTE | |||
r-devel-linux-x86_64-fedora-gcc | 1.2.2 | 97.98 | NOTE | |||
r-devel-windows-x86_64 | 1.2.2 | 9.00 | 71.00 | 80.00 | OK | |
r-patched-linux-x86_64 | 1.2.2 | 7.70 | 58.92 | 66.62 | OK | |
r-release-linux-x86_64 | 1.2.2 | 6.62 | 58.47 | 65.09 | OK | |
r-release-macos-arm64 | 1.2.2 | 40.00 | OK | |||
r-release-macos-x86_64 | 1.2.2 | 65.00 | OK | |||
r-release-windows-x86_64 | 1.2.2 | 10.00 | 79.00 | 89.00 | OK | |
r-oldrel-macos-arm64 | 1.2.2 | 37.00 | OK | |||
r-oldrel-macos-x86_64 | 1.2.2 | 45.00 | OK | |||
r-oldrel-windows-x86_64 | 1.2.2 | 11.00 | 81.00 | 92.00 | OK |
Version: 1.2.2
Check: dependencies in R code
Result: NOTE
Namespace in Imports field not imported from: ‘knitr’
All declared Imports should be used.
Flavors: r-devel-linux-x86_64-fedora-clang, r-devel-linux-x86_64-fedora-gcc