CRAN Package Check Results for Package corto

Last updated on 2021-04-21 05:48:32 CEST.

Flavor Version Tinstall Tcheck Ttotal Status Flags
r-devel-linux-x86_64-debian-clang 1.1.4 6.02 57.13 63.15 NOTE
r-devel-linux-x86_64-debian-gcc 1.1.4 5.34 43.05 48.39 NOTE
r-devel-linux-x86_64-fedora-clang 1.1.4 83.96 NOTE
r-devel-linux-x86_64-fedora-gcc 1.1.4 85.69 NOTE
r-devel-windows-ix86+x86_64 1.1.4 11.00 67.00 78.00 NOTE
r-devel-windows-x86_64-gcc10-UCRT 1.1.4 NOTE
r-patched-linux-x86_64 1.1.4 6.29 53.27 59.56 OK
r-patched-solaris-x86 1.1.4 135.40 NOTE
r-release-linux-x86_64 1.1.4 6.68 53.56 60.24 OK
r-release-macos-x86_64 1.1.4 NOTE
r-release-windows-ix86+x86_64 1.1.4 13.00 83.00 96.00 OK
r-oldrel-macos-x86_64 1.1.4 NOTE
r-oldrel-windows-ix86+x86_64 1.1.4 34.00 80.00 114.00 OK

Check Details

Version: 1.1.4
Check: LazyData
Result: NOTE
     'LazyData' is specified without a 'data' directory
Flavors: r-devel-linux-x86_64-debian-clang, r-devel-linux-x86_64-debian-gcc, r-devel-linux-x86_64-fedora-clang, r-devel-linux-x86_64-fedora-gcc, r-devel-windows-ix86+x86_64, r-devel-windows-x86_64-gcc10-UCRT

Version: 1.1.4
Check: dependencies in R code
Result: NOTE
    Namespaces in Imports field not imported from:
     ‘knitr’ ‘rmarkdown’
     All declared Imports should be used.
Flavors: r-devel-linux-x86_64-fedora-clang, r-devel-linux-x86_64-fedora-gcc, r-devel-windows-x86_64-gcc10-UCRT, r-patched-solaris-x86, r-release-macos-x86_64, r-oldrel-macos-x86_64