CRAN Package Check Results for Package countyfloods

Last updated on 2019-10-23 17:49:55 CEST.

Flavor Version Tinstall Tcheck Ttotal Status Flags
r-devel-linux-x86_64-debian-clang 0.1.0 4.17 36.77 40.94 NOTE
r-devel-linux-x86_64-debian-gcc 0.1.0 4.05 29.11 33.16 NOTE
r-devel-linux-x86_64-fedora-clang 0.1.0 52.41 NOTE
r-devel-linux-x86_64-fedora-gcc 0.1.0 50.70 NOTE
r-devel-windows-ix86+x86_64 0.1.0 13.00 58.00 71.00 NOTE
r-patched-linux-x86_64 0.1.0 3.95 36.20 40.15 OK
r-patched-solaris-x86 0.1.0 73.70 NOTE
r-release-linux-x86_64 0.1.0 4.12 36.01 40.13 OK
r-release-windows-ix86+x86_64 0.1.0 14.00 59.00 73.00 OK
r-release-osx-x86_64 0.1.0 NOTE
r-oldrel-windows-ix86+x86_64 0.1.0 8.00 102.00 110.00 OK
r-oldrel-osx-x86_64 0.1.0 NOTE

Check Details

Version: 0.1.0
Check: package vignettes
Result: NOTE
    Package vignette with placeholder title 'Vignette Title':
     'countyflood.Rmd'
Flavors: r-devel-linux-x86_64-debian-clang, r-devel-linux-x86_64-debian-gcc, r-devel-windows-ix86+x86_64

Version: 0.1.0
Check: dependencies in R code
Result: NOTE
    Namespace in Imports field not imported from: ‘maps’
     All declared Imports should be used.
Flavors: r-devel-linux-x86_64-fedora-clang, r-devel-linux-x86_64-fedora-gcc, r-patched-solaris-x86, r-release-osx-x86_64, r-oldrel-osx-x86_64