CRAN Package Check Results for Package covTestR

Last updated on 2024-05-23 17:51:45 CEST.

Flavor Version Tinstall Tcheck Ttotal Status Flags
r-devel-linux-x86_64-debian-clang 0.1.4 197.77 39.68 237.45 NOTE
r-devel-linux-x86_64-debian-gcc 0.1.4 131.04 30.06 161.10 NOTE
r-devel-linux-x86_64-fedora-clang 0.1.4 363.62 NOTE
r-devel-linux-x86_64-fedora-gcc 0.1.4 359.81 NOTE
r-devel-windows-x86_64 0.1.4 151.00 79.00 230.00 NOTE
r-patched-linux-x86_64 0.1.4 161.14 37.71 198.85 NOTE
r-release-linux-x86_64 0.1.4 195.89 38.32 234.21 NOTE
r-release-macos-arm64 0.1.4 64.00 NOTE
r-release-windows-x86_64 0.1.4 153.00 75.00 228.00 NOTE
r-oldrel-macos-arm64 0.1.4 82.00 NOTE
r-oldrel-macos-x86_64 0.1.4 119.00 NOTE
r-oldrel-windows-x86_64 0.1.4 181.00 83.00 264.00 NOTE

Check Details

Version: 0.1.4
Check: C++ specification
Result: NOTE Specified C++11: please drop specification unless essential Flavors: r-devel-linux-x86_64-debian-clang, r-devel-linux-x86_64-debian-gcc, r-devel-linux-x86_64-fedora-clang, r-devel-linux-x86_64-fedora-gcc, r-devel-windows-x86_64, r-patched-linux-x86_64, r-release-linux-x86_64, r-release-macos-arm64, r-release-windows-x86_64, r-oldrel-macos-arm64, r-oldrel-macos-x86_64, r-oldrel-windows-x86_64

Version: 0.1.4
Check: LazyData
Result: NOTE 'LazyData' is specified without a 'data' directory Flavors: r-devel-linux-x86_64-debian-clang, r-devel-linux-x86_64-debian-gcc, r-devel-linux-x86_64-fedora-clang, r-devel-linux-x86_64-fedora-gcc, r-devel-windows-x86_64, r-patched-linux-x86_64, r-release-linux-x86_64, r-release-macos-arm64, r-release-windows-x86_64, r-oldrel-macos-arm64, r-oldrel-macos-x86_64, r-oldrel-windows-x86_64