CRAN Package Check Results for Package covatest

Last updated on 2021-04-21 05:48:32 CEST.

Flavor Version Tinstall Tcheck Ttotal Status Flags
r-devel-linux-x86_64-debian-clang 1.1.3 18.98 91.44 110.42 OK
r-devel-linux-x86_64-debian-gcc 1.1.3 13.81 70.98 84.79 OK
r-devel-linux-x86_64-fedora-clang 1.1.3 143.42 NOTE
r-devel-linux-x86_64-fedora-gcc 1.1.3 147.71 NOTE
r-devel-windows-ix86+x86_64 1.1.3 32.00 91.00 123.00 OK
r-devel-windows-x86_64-gcc10-UCRT 1.1.3 NOTE
r-patched-linux-x86_64 1.1.3 20.23 87.37 107.60 OK
r-patched-solaris-x86 1.1.3 189.60 NOTE
r-release-linux-x86_64 1.1.3 17.21 88.72 105.93 OK
r-release-macos-x86_64 1.1.3 NOTE
r-release-windows-ix86+x86_64 1.1.3 31.00 99.00 130.00 OK
r-oldrel-macos-x86_64 1.1.3 NOTE
r-oldrel-windows-ix86+x86_64 1.1.3 32.00 106.00 138.00 OK

Check Details

Version: 1.1.3
Check: dependencies in R code
Result: NOTE
    Namespace in Imports field not imported from: ‘gstat’
     All declared Imports should be used.
Flavors: r-devel-linux-x86_64-fedora-clang, r-devel-linux-x86_64-fedora-gcc, r-devel-windows-x86_64-gcc10-UCRT, r-patched-solaris-x86, r-release-macos-x86_64, r-oldrel-macos-x86_64