Last updated on 2023-06-07 05:58:17 CEST.
Flavor | Version | Tinstall | Tcheck | Ttotal | Status | Flags |
---|---|---|---|---|---|---|
r-devel-linux-x86_64-debian-clang | 1.0.1 | 36.94 | 267.46 | 304.40 | NOTE | |
r-devel-linux-x86_64-debian-gcc | 1.0.1 | 35.17 | 217.36 | 252.53 | NOTE | |
r-devel-linux-x86_64-fedora-clang | 1.0.1 | 294.84 | NOTE | |||
r-devel-linux-x86_64-fedora-gcc | 1.0.1 | 276.23 | NOTE | |||
r-devel-windows-x86_64 | 1.0.1 | 32.00 | 119.00 | 151.00 | NOTE | |
r-patched-linux-x86_64 | 1.0.1 | 33.17 | 241.40 | 274.57 | NOTE | |
r-release-linux-x86_64 | 1.0.1 | 36.88 | 234.98 | 271.86 | NOTE | |
r-release-macos-arm64 | 1.0.1 | 65.00 | NOTE | |||
r-release-macos-x86_64 | 1.0.1 | 94.00 | NOTE | |||
r-release-windows-x86_64 | 1.0.1 | 44.00 | 143.00 | 187.00 | NOTE | |
r-oldrel-macos-arm64 | 1.0.1 | 61.00 | OK | |||
r-oldrel-macos-x86_64 | 1.0.1 | 71.00 | OK | |||
r-oldrel-windows-x86_64 | 1.0.1 | 44.00 | 142.00 | 186.00 | OK |
Version: 1.0.1
Check: C++ specification
Result: NOTE
Specified C++11: please drop specification unless essential
Flavors: r-devel-linux-x86_64-debian-clang, r-devel-linux-x86_64-debian-gcc, r-devel-linux-x86_64-fedora-clang, r-devel-linux-x86_64-fedora-gcc, r-devel-windows-x86_64, r-patched-linux-x86_64, r-release-linux-x86_64, r-release-macos-arm64, r-release-macos-x86_64, r-release-windows-x86_64