CRAN Package Check Results for Package covfefe

Last updated on 2020-10-20 11:48:28 CEST.

Flavor Version Tinstall Tcheck Ttotal Status Flags
r-devel-linux-x86_64-debian-clang 0.1.0 2.17 27.92 30.09 NOTE
r-devel-linux-x86_64-debian-gcc 0.1.0 2.13 21.89 24.02 NOTE
r-devel-linux-x86_64-fedora-clang 0.1.0 45.02 NOTE
r-devel-linux-x86_64-fedora-gcc 0.1.0 35.98 NOTE
r-devel-windows-ix86+x86_64 0.1.0 5.00 37.00 42.00 OK
r-patched-linux-x86_64 0.1.0 2.68 26.57 29.25 NOTE
r-patched-solaris-x86 0.1.0 63.30 NOTE
r-release-linux-x86_64 0.1.0 2.66 26.76 29.42 NOTE
r-release-macos-x86_64 0.1.0 OK
r-release-windows-ix86+x86_64 0.1.0 5.00 37.00 42.00 OK
r-oldrel-macos-x86_64 0.1.0 OK
r-oldrel-windows-ix86+x86_64 0.1.0 4.00 49.00 53.00 OK

Check Details

Version: 0.1.0
Check: for non-standard things in the check directory
Result: NOTE
    Found the following files/directories:
     'covfefe_inauguration.txt'
Flavors: r-devel-linux-x86_64-debian-clang, r-devel-linux-x86_64-debian-gcc, r-devel-linux-x86_64-fedora-clang, r-devel-linux-x86_64-fedora-gcc, r-patched-linux-x86_64, r-patched-solaris-x86, r-release-linux-x86_64